Last updated on 2025-02-19 09:50:43 CET.
Flavor | Version | Tinstall | Tcheck | Ttotal | Status | Flags |
---|---|---|---|---|---|---|
r-devel-linux-x86_64-debian-clang | 1.1.8-2 | 4.16 | 29.70 | 33.86 | NOTE | |
r-devel-linux-x86_64-debian-gcc | 1.1.8-2 | 3.07 | 22.06 | 25.13 | NOTE | |
r-devel-linux-x86_64-fedora-clang | 1.1.8-2 | 53.47 | NOTE | |||
r-devel-linux-x86_64-fedora-gcc | 1.1.8-2 | 51.47 | NOTE | |||
r-devel-macos-arm64 | 1.1.8-2 | 19.00 | NOTE | |||
r-devel-macos-x86_64 | 1.1.8-2 | 32.00 | NOTE | |||
r-devel-windows-x86_64 | 1.1.8-2 | 7.00 | 63.00 | 70.00 | NOTE | |
r-patched-linux-x86_64 | 1.1.8-2 | 4.80 | 28.05 | 32.85 | NOTE | |
r-release-linux-x86_64 | 1.1.8-2 | 3.18 | 28.43 | 31.61 | NOTE | |
r-release-macos-arm64 | 1.1.8-2 | 25.00 | NOTE | |||
r-release-macos-x86_64 | 1.1.8-2 | 27.00 | NOTE | |||
r-release-windows-x86_64 | 1.1.8-2 | 6.00 | 56.00 | 62.00 | NOTE | |
r-oldrel-macos-arm64 | 1.1.8-2 | 20.00 | OK | |||
r-oldrel-macos-x86_64 | 1.1.8-2 | 29.00 | OK | |||
r-oldrel-windows-x86_64 | 1.1.8-2 | 6.00 | 62.00 | 68.00 | OK |
Version: 1.1.8-2
Check: Rd files
Result: NOTE
checkRd: (-1) boa.chain.collapse.Rd:20: Lost braces
20 | \seealso{ code{\link{boa.chain.reset}}, code{\link{boa.chain.subset}} }
| ^
checkRd: (-1) boa.chain.collapse.Rd:20: Lost braces
20 | \seealso{ code{\link{boa.chain.reset}}, code{\link{boa.chain.subset}} }
| ^
Flavors: r-devel-linux-x86_64-debian-clang, r-devel-linux-x86_64-debian-gcc, r-devel-linux-x86_64-fedora-clang, r-devel-linux-x86_64-fedora-gcc, r-devel-macos-arm64, r-devel-macos-x86_64, r-devel-windows-x86_64, r-patched-linux-x86_64, r-release-linux-x86_64, r-release-macos-arm64, r-release-macos-x86_64, r-release-windows-x86_64