Last updated on 2025-02-16 09:50:35 CET.
Flavor | Version | Tinstall | Tcheck | Ttotal | Status | Flags |
---|---|---|---|---|---|---|
r-devel-linux-x86_64-debian-clang | 2.0.0 | 1200.32 | 170.42 | 1370.74 | WARN | |
r-devel-linux-x86_64-debian-gcc | 2.0.0 | 1026.49 | 190.81 | 1217.30 | NOTE | |
r-devel-linux-x86_64-fedora-clang | 2.0.0 | 1989.89 | NOTE | |||
r-devel-linux-x86_64-fedora-gcc | 2.0.0 | 3017.56 | NOTE | |||
r-devel-macos-arm64 | 2.0.0 | 576.00 | NOTE | |||
r-devel-macos-x86_64 | 2.0.0 | 625.00 | NOTE | |||
r-devel-windows-x86_64 | 2.0.0 | 1018.00 | 261.00 | 1279.00 | NOTE | |
r-patched-linux-x86_64 | 2.0.0 | 1313.85 | 258.42 | 1572.27 | NOTE | |
r-release-linux-x86_64 | 2.0.0 | 1375.24 | 257.78 | 1633.02 | NOTE | |
r-release-macos-arm64 | 2.0.0 | 283.00 | NOTE | |||
r-release-macos-x86_64 | 2.0.0 | 254.00 | NOTE | |||
r-release-windows-x86_64 | 2.0.0 | 1031.00 | 256.00 | 1287.00 | NOTE | |
r-oldrel-macos-arm64 | 2.0.0 | 840.00 | NOTE | |||
r-oldrel-macos-x86_64 | 2.0.0 | 949.00 | NOTE | |||
r-oldrel-windows-x86_64 | 2.0.0 | 1494.00 | 313.00 | 1807.00 | NOTE |
Version: 2.0.0
Check: whether the package can be unloaded cleanly
Result: WARN
Error: package or namespace load failed for ‘bmgarch’ in .doLoadActions(where, attach):
error in load action .__A__.1 for package bmgarch: as.environment(loadM): invalid object for 'as.environment'
Execution halted
Flavor: r-devel-linux-x86_64-debian-clang
Version: 2.0.0
Check: Rd files
Result: NOTE
checkRd: (-1) dot-pred_array_to_df.Rd:20: Lost braces; missing escapes or markup?
20 | Helper function for as.data.frame.{fitted, forecast}. Converts predictive array to data.frame.
| ^
Flavors: r-devel-linux-x86_64-debian-clang, r-devel-linux-x86_64-debian-gcc, r-devel-linux-x86_64-fedora-clang, r-devel-linux-x86_64-fedora-gcc, r-devel-macos-arm64, r-devel-macos-x86_64, r-devel-windows-x86_64, r-patched-linux-x86_64, r-release-linux-x86_64, r-release-macos-arm64, r-release-macos-x86_64, r-release-windows-x86_64
Version: 2.0.0
Check: for GNU extensions in Makefiles
Result: NOTE
GNU make is a SystemRequirements.
Flavors: r-patched-linux-x86_64, r-release-linux-x86_64, r-release-macos-arm64, r-release-macos-x86_64, r-release-windows-x86_64, r-oldrel-macos-arm64, r-oldrel-macos-x86_64, r-oldrel-windows-x86_64
Version: 2.0.0
Check: installed package size
Result: NOTE
installed size is 189.6Mb
sub-directories of 1Mb or more:
libs 188.8Mb
Flavors: r-release-macos-arm64, r-release-macos-x86_64, r-release-windows-x86_64, r-oldrel-macos-arm64, r-oldrel-macos-x86_64, r-oldrel-windows-x86_64