Last updated on 2025-02-20 09:50:44 CET.
Flavor | Version | Tinstall | Tcheck | Ttotal | Status | Flags |
---|---|---|---|---|---|---|
r-devel-linux-x86_64-debian-clang | 0.6.6 | 8.17 | 54.50 | 62.67 | NOTE | |
r-devel-linux-x86_64-debian-gcc | 0.6.6 | 5.77 | 38.74 | 44.51 | NOTE | |
r-devel-linux-x86_64-fedora-clang | 0.6.6 | 100.43 | NOTE | |||
r-devel-linux-x86_64-fedora-gcc | 0.6.6 | 95.39 | NOTE | |||
r-devel-macos-arm64 | 0.6.6 | 35.00 | OK | |||
r-devel-macos-x86_64 | 0.6.6 | 73.00 | NOTE | |||
r-devel-windows-x86_64 | 0.6.6 | 13.00 | 81.00 | 94.00 | NOTE | |
r-patched-linux-x86_64 | 0.6.6 | 7.27 | 51.01 | 58.28 | OK | |
r-release-linux-x86_64 | 0.6.6 | 7.27 | 51.05 | 58.32 | OK | |
r-release-macos-arm64 | 0.6.6 | 41.00 | OK | |||
r-release-macos-x86_64 | 0.6.6 | 64.00 | OK | |||
r-release-windows-x86_64 | 0.6.6 | 12.00 | 3.00 | 15.00 | FAIL | |
r-oldrel-macos-arm64 | 0.6.5 | 36.00 | OK | |||
r-oldrel-macos-x86_64 | 0.6.6 | 95.00 | OK | |||
r-oldrel-windows-x86_64 | 0.6.6 | 15.00 | 110.00 | 125.00 | OK |
Version: 0.6.6
Check: DESCRIPTION meta-information
Result: NOTE
Missing dependency on R >= 4.1.0 because package code uses the pipe
|> or function shorthand \(...) syntax added in R 4.1.0.
File(s) using such syntax:
‘assg2xBalance.R’
Flavors: r-devel-linux-x86_64-debian-clang, r-devel-linux-x86_64-debian-gcc, r-devel-linux-x86_64-fedora-clang, r-devel-linux-x86_64-fedora-gcc, r-devel-macos-x86_64, r-devel-windows-x86_64
Version: 0.6.6
Check: package dependencies
Result: FAIL
Flavor: r-release-windows-x86_64