Last updated on 2025-02-16 09:50:35 CET.
Flavor | Version | Tinstall | Tcheck | Ttotal | Status | Flags |
---|---|---|---|---|---|---|
r-devel-linux-x86_64-debian-clang | 0.5-8 | 686.15 | 214.57 | 900.72 | OK | |
r-devel-linux-x86_64-debian-gcc | 0.5-8 | 524.25 | 161.27 | 685.52 | OK | |
r-devel-linux-x86_64-fedora-clang | 0.5-8 | 1172.76 | OK | |||
r-devel-linux-x86_64-fedora-gcc | 0.5-8 | 1580.21 | OK | |||
r-devel-macos-arm64 | 0.5-8 | 352.00 | OK | |||
r-devel-macos-x86_64 | 0.5-8 | 908.00 | OK | |||
r-devel-windows-x86_64 | 0.5-8 | 478.00 | 239.00 | 717.00 | OK | |
r-patched-linux-x86_64 | 0.5-8 | 658.79 | 220.51 | 879.30 | NOTE | |
r-release-linux-x86_64 | 0.5-8 | 671.90 | 224.20 | 896.10 | NOTE | |
r-release-macos-arm64 | 0.5-8 | 174.00 | NOTE | |||
r-release-macos-x86_64 | 0.5-8 | 307.00 | NOTE | |||
r-release-windows-x86_64 | 0.5-8 | 489.00 | 236.00 | 725.00 | NOTE | |
r-oldrel-macos-arm64 | 0.5-8 | 417.00 | NOTE | |||
r-oldrel-macos-x86_64 | 0.5-8 | 615.00 | NOTE | |||
r-oldrel-windows-x86_64 | 0.5-8 | 716.00 | 304.00 | 1020.00 | NOTE |
Version: 0.5-8
Check: package dependencies
Result: NOTE
Packages suggested but not available for checking: 'cmdstanr', 'blavsam'
Flavors: r-patched-linux-x86_64, r-release-linux-x86_64, r-release-macos-arm64, r-release-macos-x86_64, r-release-windows-x86_64, r-oldrel-macos-arm64, r-oldrel-macos-x86_64, r-oldrel-windows-x86_64
Version: 0.5-8
Check: for GNU extensions in Makefiles
Result: NOTE
GNU make is a SystemRequirements.
Flavors: r-patched-linux-x86_64, r-release-linux-x86_64, r-release-macos-arm64, r-release-macos-x86_64, r-release-windows-x86_64, r-oldrel-macos-arm64, r-oldrel-macos-x86_64, r-oldrel-windows-x86_64
Version: 0.5-8
Check: installed package size
Result: NOTE
installed size is 159.1Mb
sub-directories of 1Mb or more:
R 2.1Mb
libs 155.3Mb
testdata 1.4Mb
Flavors: r-release-macos-arm64, r-release-macos-x86_64, r-release-windows-x86_64, r-oldrel-macos-arm64, r-oldrel-macos-x86_64, r-oldrel-windows-x86_64