Last updated on 2025-02-19 09:50:43 CET.
Flavor | Version | Tinstall | Tcheck | Ttotal | Status | Flags |
---|---|---|---|---|---|---|
r-devel-linux-x86_64-debian-clang | 1.0.2 | 7.26 | 60.08 | 67.34 | NOTE | |
r-devel-linux-x86_64-debian-gcc | 1.0.2 | 5.06 | 42.73 | 47.79 | NOTE | |
r-devel-linux-x86_64-fedora-clang | 1.0.2 | 104.78 | NOTE | |||
r-devel-linux-x86_64-fedora-gcc | 1.0.2 | 98.92 | NOTE | |||
r-devel-macos-arm64 | 1.0.2 | 36.00 | OK | |||
r-devel-macos-x86_64 | 1.0.2 | 63.00 | NOTE | |||
r-devel-windows-x86_64 | 1.0.2 | 9.00 | 71.00 | 80.00 | NOTE | |
r-patched-linux-x86_64 | 1.0.2 | 6.30 | 56.40 | 62.70 | OK | |
r-release-linux-x86_64 | 1.0.2 | 5.59 | 55.98 | 61.57 | OK | |
r-release-macos-arm64 | 1.0.2 | 34.00 | OK | |||
r-release-macos-x86_64 | 1.0.2 | 55.00 | OK | |||
r-release-windows-x86_64 | 1.0.2 | 10.00 | 73.00 | 83.00 | OK | |
r-oldrel-macos-arm64 | 1.0.2 | 43.00 | OK | |||
r-oldrel-macos-x86_64 | 1.0.2 | 63.00 | OK | |||
r-oldrel-windows-x86_64 | 1.0.2 | 10.00 | 94.00 | 104.00 | OK |
Version: 1.0.2
Check: DESCRIPTION meta-information
Result: NOTE
Missing dependency on R >= 4.1.0 because package code uses the pipe
|> or function shorthand \(...) syntax added in R 4.1.0.
File(s) using such syntax:
‘PCAbiplot_Helper.R’ ‘TDAbiplot.R’ ‘TDAbiplot_helper.R’
‘insertAxDeets.R’ ‘insertDataTable.R’
Flavors: r-devel-linux-x86_64-debian-clang, r-devel-linux-x86_64-debian-gcc, r-devel-linux-x86_64-fedora-clang, r-devel-linux-x86_64-fedora-gcc, r-devel-macos-x86_64, r-devel-windows-x86_64