CRAN Package Check Results for Package binseqtest

Last updated on 2025-02-19 09:50:43 CET.

Flavor Version Tinstall Tcheck Ttotal Status Flags
r-devel-linux-x86_64-debian-clang 1.0.4 4.60 35.86 40.46 OK
r-devel-linux-x86_64-debian-gcc 1.0.4 3.89 27.24 31.13 OK
r-devel-linux-x86_64-fedora-clang 1.0.4 67.43 OK
r-devel-linux-x86_64-fedora-gcc 1.0.4 78.89 OK
r-devel-macos-arm64 1.0.4 28.00 OK
r-devel-macos-x86_64 1.0.4 52.00 OK
r-devel-windows-x86_64 1.0.4 6.00 66.00 72.00 OK
r-patched-linux-x86_64 1.0.4 5.09 34.16 39.25 OK
r-release-linux-x86_64 1.0.4 4.34 35.03 39.37 OK
r-release-macos-arm64 1.0.4 27.00 OK
r-release-macos-x86_64 1.0.4 47.00 OK
r-release-windows-x86_64 1.0.4 6.00 3.00 9.00 FAIL
r-oldrel-macos-arm64 1.0.4 34.00 OK
r-oldrel-macos-x86_64 1.0.4 72.00 OK
r-oldrel-windows-x86_64 1.0.4 6.00 63.00 69.00 OK

Check Details

Version: 1.0.4
Check: package dependencies
Result: FAIL
Flavor: r-release-windows-x86_64