CRAN Package Check Results for Package binhf

Last updated on 2025-02-20 09:50:43 CET.

Flavor Version Tinstall Tcheck Ttotal Status Flags
r-devel-linux-x86_64-debian-clang 1.0-3 3.43 37.16 40.59 OK
r-devel-linux-x86_64-debian-gcc 1.0-3 2.32 27.71 30.03 OK
r-devel-linux-x86_64-fedora-clang 1.0-3 61.93 OK
r-devel-linux-x86_64-fedora-gcc 1.0-3 59.33 OK
r-devel-macos-arm64 1.0-3 25.00 OK
r-devel-macos-x86_64 1.0-3 45.00 OK
r-devel-windows-x86_64 1.0-3 4.00 75.00 79.00 OK
r-patched-linux-x86_64 1.0-3 3.29 36.35 39.64 OK
r-release-linux-x86_64 1.0-3 3.22 36.10 39.32 OK
r-release-macos-arm64 1.0-3 26.00 OK
r-release-macos-x86_64 1.0-3 34.00 OK
r-release-windows-x86_64 1.0-3 5.00 3.00 8.00 FAIL
r-oldrel-macos-arm64 1.0-3 26.00 OK
r-oldrel-macos-x86_64 1.0-3 34.00 OK
r-oldrel-windows-x86_64 1.0-3 5.00 66.00 71.00 OK

Check Details

Version: 1.0-3
Check: package dependencies
Result: FAIL
Flavor: r-release-windows-x86_64