Last updated on 2025-02-19 09:50:43 CET.
Flavor | Version | Tinstall | Tcheck | Ttotal | Status | Flags |
---|---|---|---|---|---|---|
r-devel-linux-x86_64-debian-clang | 1.3 | 10.07 | 73.95 | 84.02 | OK | |
r-devel-linux-x86_64-debian-gcc | 1.3 | 6.95 | 51.76 | 58.71 | OK | |
r-devel-linux-x86_64-fedora-clang | 1.3 | 131.08 | OK | |||
r-devel-linux-x86_64-fedora-gcc | 1.3 | 124.32 | OK | |||
r-devel-macos-arm64 | 1.3 | 40.00 | OK | |||
r-devel-macos-x86_64 | 1.3 | 79.00 | OK | |||
r-devel-windows-x86_64 | 1.3 | 11.00 | 90.00 | 101.00 | OK | |
r-patched-linux-x86_64 | 1.3 | 9.92 | 67.26 | 77.18 | OK | |
r-release-linux-x86_64 | 1.3 | 7.89 | 67.59 | 75.48 | OK | |
r-release-macos-arm64 | 1.3 | 37.00 | OK | |||
r-release-macos-x86_64 | 1.3 | 62.00 | OK | |||
r-release-windows-x86_64 | 1.3 | 11.00 | 3.00 | 14.00 | FAIL | |
r-oldrel-macos-arm64 | 1.3 | 47.00 | OK | |||
r-oldrel-macos-x86_64 | 1.3 | 66.00 | OK | |||
r-oldrel-windows-x86_64 | 1.3 | 14.00 | 100.00 | 114.00 | OK |
Version: 1.3
Check: package dependencies
Result: FAIL
Flavor: r-release-windows-x86_64