Last updated on 2025-02-19 09:50:43 CET.
Flavor | Version | Tinstall | Tcheck | Ttotal | Status | Flags |
---|---|---|---|---|---|---|
r-devel-linux-x86_64-debian-clang | 0.1.4 | 20.14 | 13.31 | 33.45 | OK | |
r-devel-linux-x86_64-debian-gcc | 0.1.4 | 15.09 | 11.06 | 26.15 | OK | |
r-devel-linux-x86_64-fedora-clang | 0.1.4 | 52.28 | OK | |||
r-devel-linux-x86_64-fedora-gcc | 0.1.4 | 53.09 | OK | |||
r-devel-macos-arm64 | 0.1.4 | 27.00 | OK | |||
r-devel-macos-x86_64 | 0.1.4 | 67.00 | OK | |||
r-devel-windows-x86_64 | 0.1.4 | 18.00 | 35.00 | 53.00 | OK | |
r-patched-linux-x86_64 | 0.1.4 | 20.46 | 12.65 | 33.11 | OK | |
r-release-linux-x86_64 | 0.1.4 | 19.51 | 12.68 | 32.19 | OK | |
r-release-macos-arm64 | 0.1.4 | 31.00 | OK | |||
r-release-macos-x86_64 | 0.1.4 | 34.00 | OK | |||
r-release-windows-x86_64 | 0.1.4 | 19.00 | 3.00 | 22.00 | FAIL | |
r-oldrel-macos-arm64 | 0.1.4 | 32.00 | OK | |||
r-oldrel-macos-x86_64 | 0.1.4 | 38.00 | OK | |||
r-oldrel-windows-x86_64 | 0.1.4 | 22.00 | 35.00 | 57.00 | OK |
Version: 0.1.4
Check: package dependencies
Result: FAIL
Flavor: r-release-windows-x86_64