Last updated on 2025-02-19 09:50:43 CET.
Flavor | Version | Tinstall | Tcheck | Ttotal | Status | Flags |
---|---|---|---|---|---|---|
r-devel-linux-x86_64-debian-clang | 0.6.4 | 4.14 | 43.05 | 47.19 | OK | |
r-devel-linux-x86_64-debian-gcc | 0.6.4 | 2.91 | 32.36 | 35.27 | OK | |
r-devel-linux-x86_64-fedora-clang | 0.6.4 | 75.39 | OK | |||
r-devel-linux-x86_64-fedora-gcc | 0.6.4 | 74.46 | OK | |||
r-devel-macos-arm64 | 0.6.4 | 28.00 | OK | |||
r-devel-macos-x86_64 | 0.6.4 | 51.00 | OK | |||
r-devel-windows-x86_64 | 0.6.4 | 5.00 | 62.00 | 67.00 | OK | |
r-patched-linux-x86_64 | 0.6.4 | 4.02 | 41.64 | 45.66 | NOTE | |
r-release-linux-x86_64 | 0.6.4 | 3.91 | 41.11 | 45.02 | NOTE | |
r-release-macos-arm64 | 0.6.4 | 26.00 | NOTE | |||
r-release-macos-x86_64 | 0.6.4 | 46.00 | NOTE | |||
r-release-windows-x86_64 | 0.6.4 | 5.00 | 3.00 | 8.00 | FAIL | |
r-oldrel-macos-arm64 | 0.6.4 | 30.00 | NOTE | |||
r-oldrel-macos-x86_64 | 0.6.4 | 40.00 | NOTE | |||
r-oldrel-windows-x86_64 | 0.6.4 | 7.00 | 87.00 | 94.00 | NOTE |
Version: 0.6.4
Check: package dependencies
Result: NOTE
Package suggested but not available for checking: ‘rrelaxiv’
Flavors: r-patched-linux-x86_64, r-release-linux-x86_64, r-release-macos-arm64, r-release-macos-x86_64, r-oldrel-macos-arm64, r-oldrel-macos-x86_64, r-oldrel-windows-x86_64
Version: 0.6.4
Check: package dependencies
Result: FAIL
Flavor: r-release-windows-x86_64