CRAN Package Check Results for Package biglasso

Last updated on 2025-02-16 09:50:34 CET.

Flavor Version Tinstall Tcheck Ttotal Status Flags
r-devel-linux-x86_64-debian-clang 1.6.0 85.59 96.14 181.73 NOTE
r-devel-linux-x86_64-debian-gcc 1.6.0 67.17 71.52 138.69 NOTE
r-devel-linux-x86_64-fedora-clang 1.6.0 323.69 OK
r-devel-linux-x86_64-fedora-gcc 1.6.0 356.12 OK
r-devel-macos-arm64 1.6.0 86.00 OK
r-devel-macos-x86_64 1.6.0 155.00 OK
r-devel-windows-x86_64 1.6.0 98.00 160.00 258.00 NOTE
r-patched-linux-x86_64 1.6.0 93.43 89.66 183.09 OK
r-release-linux-x86_64 1.6.0 86.87 90.30 177.17 OK
r-release-macos-arm64 1.6.0 111.00 NOTE
r-release-macos-x86_64 1.6.0 119.00 NOTE
r-release-windows-x86_64 1.6.0 99.00 160.00 259.00 OK
r-oldrel-macos-arm64 1.6.0 99.00 NOTE
r-oldrel-macos-x86_64 1.6.0 192.00 NOTE
r-oldrel-windows-x86_64 1.6.0 126.00 177.00 303.00 OK

Check Details

Version: 1.6.0
Check: Rd cross-references
Result: NOTE Found the following Rd file(s) with Rd \link{} targets missing package anchors: setupX.Rd: cv.ncvreg Please provide package anchors for all Rd \link{} targets not in the package itself and the base packages. Flavors: r-devel-linux-x86_64-debian-clang, r-devel-linux-x86_64-debian-gcc, r-devel-windows-x86_64

Version: 1.6.0
Check: installed package size
Result: NOTE installed size is 5.3Mb sub-directories of 1Mb or more: libs 4.3Mb Flavors: r-release-macos-arm64, r-release-macos-x86_64, r-oldrel-macos-arm64, r-oldrel-macos-x86_64