CRAN Package Check Results for Package bigassertr

Last updated on 2025-02-19 09:50:43 CET.

Flavor Version Tinstall Tcheck Ttotal Status Flags
r-devel-linux-x86_64-debian-clang 0.1.6 1.57 19.42 20.99 OK
r-devel-linux-x86_64-debian-gcc 0.1.6 1.34 16.04 17.38 OK
r-devel-linux-x86_64-fedora-clang 0.1.6 33.68 OK
r-devel-linux-x86_64-fedora-gcc 0.1.6 31.97 OK
r-devel-macos-arm64 0.1.6 17.00 OK
r-devel-macos-x86_64 0.1.6 26.00 OK
r-devel-windows-x86_64 0.1.6 3.00 57.00 60.00 OK
r-patched-linux-x86_64 0.1.6 1.69 19.05 20.74 OK
r-release-linux-x86_64 0.1.6 1.64 18.56 20.20 OK
r-release-macos-arm64 0.1.6 21.00 OK
r-release-macos-x86_64 0.1.6 33.00 OK
r-release-windows-x86_64 0.1.6 2.00 3.00 5.00 FAIL
r-oldrel-macos-arm64 0.1.6 16.00 OK
r-oldrel-macos-x86_64 0.1.6 21.00 OK
r-oldrel-windows-x86_64 0.1.6 3.00 44.00 47.00 OK

Check Details

Version: 0.1.6
Check: package dependencies
Result: FAIL
Flavor: r-release-windows-x86_64