Last updated on 2025-02-16 09:50:34 CET.
Flavor | Version | Tinstall | Tcheck | Ttotal | Status | Flags |
---|---|---|---|---|---|---|
r-devel-linux-x86_64-debian-clang | 1.18 | 10.78 | 84.68 | 95.46 | NOTE | |
r-devel-linux-x86_64-debian-gcc | 1.18 | 8.66 | 59.63 | 68.29 | NOTE | |
r-devel-linux-x86_64-fedora-clang | 1.18 | 155.70 | OK | |||
r-devel-linux-x86_64-fedora-gcc | 1.18 | 143.38 | OK | |||
r-devel-macos-arm64 | 1.18 | 44.00 | OK | |||
r-devel-macos-x86_64 | 1.18 | 99.00 | OK | |||
r-devel-windows-x86_64 | 1.18 | 14.00 | 90.00 | 104.00 | NOTE | |
r-patched-linux-x86_64 | 1.18 | 10.67 | 78.36 | 89.03 | OK | |
r-release-linux-x86_64 | 1.18 | 9.15 | 77.30 | 86.45 | OK | |
r-release-macos-arm64 | 1.18 | 48.00 | OK | |||
r-release-macos-x86_64 | 1.18 | 90.00 | OK | |||
r-release-windows-x86_64 | 1.18 | 14.00 | 89.00 | 103.00 | OK | |
r-oldrel-macos-arm64 | 1.18 | 56.00 | OK | |||
r-oldrel-macos-x86_64 | 1.18 | 87.00 | OK | |||
r-oldrel-windows-x86_64 | 1.18 | 17.00 | 108.00 | 125.00 | OK |
Version: 1.18
Check: Rd cross-references
Result: NOTE
Found the following Rd file(s) with Rd \link{} targets missing package
anchors:
bhm-package.Rd: coxph, survival
bhm.Rd: coxph
brm.Rd: coxph
mpl.Rd: coxph
resboot.Rd: coxph
Please provide package anchors for all Rd \link{} targets not in the
package itself and the base packages.
Flavors: r-devel-linux-x86_64-debian-clang, r-devel-linux-x86_64-debian-gcc, r-devel-windows-x86_64