Last updated on 2025-02-19 09:50:43 CET.
Flavor | Version | Tinstall | Tcheck | Ttotal | Status | Flags |
---|---|---|---|---|---|---|
r-devel-linux-x86_64-debian-clang | 1.8.5 | 4.17 | 40.58 | 44.75 | NOTE | |
r-devel-linux-x86_64-debian-gcc | 1.8.5 | 2.98 | 29.55 | 32.53 | NOTE | |
r-devel-linux-x86_64-fedora-clang | 1.8.5 | 71.90 | NOTE | |||
r-devel-linux-x86_64-fedora-gcc | 1.8.5 | 68.75 | NOTE | |||
r-devel-macos-arm64 | 1.8.5 | 27.00 | NOTE | |||
r-devel-macos-x86_64 | 1.8.5 | 47.00 | NOTE | |||
r-devel-windows-x86_64 | 1.8.5 | 7.00 | 62.00 | 69.00 | NOTE | |
r-patched-linux-x86_64 | 1.8.5 | 3.95 | 38.57 | 42.52 | NOTE | |
r-release-linux-x86_64 | 1.8.5 | 3.96 | 38.46 | 42.42 | NOTE | |
r-release-macos-arm64 | 1.8.5 | 24.00 | NOTE | |||
r-release-macos-x86_64 | 1.8.5 | 36.00 | NOTE | |||
r-release-windows-x86_64 | 1.8.5 | 6.00 | 3.00 | 9.00 | FAIL | |
r-oldrel-macos-arm64 | 1.8.5 | 23.00 | NOTE | |||
r-oldrel-macos-x86_64 | 1.8.5 | 36.00 | NOTE | |||
r-oldrel-windows-x86_64 | 1.8.5 | 8.00 | 65.00 | 73.00 | NOTE |
Version: 1.8.5
Check: Rd files
Result: NOTE
checkRd: (-1) bgmm-package.Rd:23: Escaped LaTeX specials: \&
Flavors: r-devel-linux-x86_64-debian-clang, r-devel-linux-x86_64-debian-gcc, r-devel-linux-x86_64-fedora-clang, r-devel-linux-x86_64-fedora-gcc, r-devel-macos-arm64, r-devel-macos-x86_64, r-devel-windows-x86_64, r-patched-linux-x86_64, r-release-linux-x86_64, r-release-macos-arm64, r-release-macos-x86_64, r-oldrel-macos-arm64, r-oldrel-macos-x86_64, r-oldrel-windows-x86_64
Version: 1.8.5
Check: package dependencies
Result: FAIL
Flavor: r-release-windows-x86_64