Last updated on 2025-02-16 09:50:34 CET.
Flavor | Version | Tinstall | Tcheck | Ttotal | Status | Flags |
---|---|---|---|---|---|---|
r-devel-linux-x86_64-debian-clang | 0.1.2 | 3.50 | 27.79 | 31.29 | OK | |
r-devel-linux-x86_64-debian-gcc | 0.1.2 | 2.36 | 21.26 | 23.62 | OK | |
r-devel-linux-x86_64-fedora-clang | 0.1.2 | 50.90 | NOTE | |||
r-devel-linux-x86_64-fedora-gcc | 0.1.2 | 46.53 | NOTE | |||
r-devel-macos-arm64 | 0.1.2 | 23.00 | OK | |||
r-devel-macos-x86_64 | 0.1.2 | 31.00 | OK | |||
r-devel-windows-x86_64 | 0.1.2 | 6.00 | 47.00 | 53.00 | OK | |
r-patched-linux-x86_64 | 0.1.2 | 2.30 | 26.16 | 28.46 | NOTE | |
r-release-linux-x86_64 | 0.1.2 | 3.19 | 26.41 | 29.60 | NOTE | |
r-release-macos-arm64 | 0.1.2 | 20.00 | NOTE | |||
r-release-macos-x86_64 | 0.1.2 | 29.00 | NOTE | |||
r-release-windows-x86_64 | 0.1.2 | 6.00 | 47.00 | 53.00 | NOTE | |
r-oldrel-macos-arm64 | 0.1.2 | 21.00 | NOTE | |||
r-oldrel-macos-x86_64 | 0.1.2 | 26.00 | NOTE | |||
r-oldrel-windows-x86_64 | 0.1.2 | 7.00 | 52.00 | 59.00 | NOTE |
Version: 0.1.2
Check: dependencies in R code
Result: NOTE
Namespaces in Imports field not imported from:
‘DT’ ‘dplyr’ ‘ggplot2’ ‘readxl’ ‘rlist’ ‘shinyBS’ ‘shinyWidgets’
‘shinydashboard’ ‘shinyjs’ ‘shinythemes’ ‘stringr’ ‘tidyr’
All declared Imports should be used.
Flavors: r-devel-linux-x86_64-fedora-clang, r-devel-linux-x86_64-fedora-gcc
Version: 0.1.2
Check: LazyData
Result: NOTE
'LazyData' is specified without a 'data' directory
Flavors: r-patched-linux-x86_64, r-release-linux-x86_64, r-release-macos-arm64, r-release-macos-x86_64, r-release-windows-x86_64, r-oldrel-macos-arm64, r-oldrel-macos-x86_64, r-oldrel-windows-x86_64