Last updated on 2025-02-19 09:50:43 CET.
Flavor | Version | Tinstall | Tcheck | Ttotal | Status | Flags |
---|---|---|---|---|---|---|
r-devel-linux-x86_64-debian-clang | 0.1.1 | 2.82 | 23.01 | 25.83 | OK | |
r-devel-linux-x86_64-debian-gcc | 0.1.1 | 1.81 | 17.38 | 19.19 | OK | |
r-devel-linux-x86_64-fedora-clang | 0.1.1 | 39.46 | OK | |||
r-devel-linux-x86_64-fedora-gcc | 0.1.1 | 38.62 | OK | |||
r-devel-macos-arm64 | 0.1.1 | 19.00 | OK | |||
r-devel-macos-x86_64 | 0.1.1 | 32.00 | OK | |||
r-devel-windows-x86_64 | 0.1.1 | 5.00 | 49.00 | 54.00 | OK | |
r-patched-linux-x86_64 | 0.1.1 | 2.80 | 21.47 | 24.27 | OK | |
r-release-linux-x86_64 | 0.1.1 | 2.41 | 21.20 | 23.61 | OK | |
r-release-macos-arm64 | 0.1.1 | 18.00 | OK | |||
r-release-macos-x86_64 | 0.1.1 | 30.00 | OK | |||
r-release-windows-x86_64 | 0.1.1 | 4.00 | 3.00 | 7.00 | FAIL | |
r-oldrel-macos-arm64 | 0.1.1 | 19.00 | OK | |||
r-oldrel-macos-x86_64 | 0.1.1 | 24.00 | OK | |||
r-oldrel-windows-x86_64 | 0.1.1 | 5.00 | 60.00 | 65.00 | OK |
Version: 0.1.1
Check: package dependencies
Result: FAIL
Flavor: r-release-windows-x86_64