Last updated on 2025-02-16 09:50:34 CET.
Flavor | Version | Tinstall | Tcheck | Ttotal | Status | Flags |
---|---|---|---|---|---|---|
r-devel-linux-x86_64-debian-clang | 3.1 | 753.22 | 232.61 | 985.83 | OK | |
r-devel-linux-x86_64-debian-gcc | 3.1 | 726.81 | 221.22 | 948.03 | OK | |
r-devel-linux-x86_64-fedora-clang | 3.1 | 1577.28 | OK | |||
r-devel-linux-x86_64-fedora-gcc | 3.1 | 2266.17 | OK | |||
r-devel-macos-arm64 | 3.1 | 414.00 | OK | |||
r-devel-macos-x86_64 | 3.1 | 672.00 | OK | |||
r-devel-windows-x86_64 | 3.1 | 718.00 | 286.00 | 1004.00 | OK | |
r-patched-linux-x86_64 | 3.1 | 900.38 | 298.83 | 1199.21 | NOTE | |
r-release-linux-x86_64 | 3.1 | 887.18 | 300.56 | 1187.74 | NOTE | |
r-release-macos-arm64 | 3.1 | 218.00 | NOTE | |||
r-release-macos-x86_64 | 3.1 | 238.00 | NOTE | |||
r-release-windows-x86_64 | 3.1 | 720.00 | 292.00 | 1012.00 | NOTE | |
r-oldrel-macos-arm64 | 3.1 | 329.00 | NOTE | |||
r-oldrel-macos-x86_64 | 3.1 | 364.00 | NOTE | |||
r-oldrel-windows-x86_64 | 3.1 | 995.00 | 372.00 | 1367.00 | NOTE |
Version: 3.1
Check: for GNU extensions in Makefiles
Result: NOTE
GNU make is a SystemRequirements.
Flavors: r-patched-linux-x86_64, r-release-linux-x86_64, r-release-macos-arm64, r-release-macos-x86_64, r-release-windows-x86_64, r-oldrel-macos-arm64, r-oldrel-macos-x86_64, r-oldrel-windows-x86_64
Version: 3.1
Check: installed package size
Result: NOTE
installed size is 118.5Mb
sub-directories of 1Mb or more:
libs 116.9Mb
Flavors: r-release-macos-arm64, r-release-macos-x86_64, r-release-windows-x86_64, r-oldrel-macos-arm64, r-oldrel-macos-x86_64, r-oldrel-windows-x86_64