CRAN Package Check Results for Package bc3net

Last updated on 2025-02-19 09:50:42 CET.

Flavor Version Tinstall Tcheck Ttotal Status Flags
r-devel-linux-x86_64-debian-clang 1.0.4 6.99 60.96 67.95 NOTE
r-devel-linux-x86_64-debian-gcc 1.0.4 5.08 48.18 53.26 NOTE
r-devel-linux-x86_64-fedora-clang 1.0.4 107.95 OK
r-devel-linux-x86_64-fedora-gcc 1.0.4 105.85 OK
r-devel-macos-arm64 1.0.4 36.00 OK
r-devel-macos-x86_64 1.0.4 80.00 OK
r-devel-windows-x86_64 1.0.4 8.00 83.00 91.00 NOTE
r-patched-linux-x86_64 1.0.4 10.27 57.55 67.82 OK
r-release-linux-x86_64 1.0.4 6.59 57.54 64.13 OK
r-release-macos-arm64 1.0.4 37.00 OK
r-release-macos-x86_64 1.0.4 66.00 OK
r-release-windows-x86_64 1.0.4 8.00 3.00 11.00 FAIL
r-oldrel-macos-arm64 1.0.4 38.00 OK
r-oldrel-macos-x86_64 1.0.4 57.00 OK
r-oldrel-windows-x86_64 1.0.4 11.00 91.00 102.00 OK

Check Details

Version: 1.0.4
Check: Rd cross-references
Result: NOTE Found the following Rd file(s) with Rd \link{} targets missing package anchors: c3mtc.Rd: c3 Please provide package anchors for all Rd \link{} targets not in the package itself and the base packages. Flavors: r-devel-linux-x86_64-debian-clang, r-devel-linux-x86_64-debian-gcc, r-devel-windows-x86_64

Version: 1.0.4
Check: package dependencies
Result: FAIL
Flavor: r-release-windows-x86_64