Last updated on 2025-02-16 09:50:34 CET.
Flavor | Version | Tinstall | Tcheck | Ttotal | Status | Flags |
---|---|---|---|---|---|---|
r-devel-linux-x86_64-debian-clang | 1.0.25.1 | 10.12 | 229.35 | 239.47 | OK | |
r-devel-linux-x86_64-debian-gcc | 1.0.25.1 | 8.63 | 168.98 | 177.61 | OK | |
r-devel-linux-x86_64-fedora-clang | 1.0.25.1 | 402.35 | OK | |||
r-devel-linux-x86_64-fedora-gcc | 1.0.25.1 | 394.91 | OK | |||
r-devel-macos-arm64 | 1.0.25.1 | 127.00 | NOTE | |||
r-devel-macos-x86_64 | 1.0.25.1 | 283.00 | OK | |||
r-devel-windows-x86_64 | 1.0.25.1 | 12.00 | 238.00 | 250.00 | OK | |
r-patched-linux-x86_64 | 1.0.25.1 | 10.52 | 214.77 | 225.29 | OK | |
r-release-linux-x86_64 | 1.0.25.1 | 12.44 | 214.94 | 227.38 | OK | |
r-release-macos-arm64 | 1.0.25.1 | 116.00 | OK | |||
r-release-macos-x86_64 | 1.0.25.1 | 292.00 | OK | |||
r-release-windows-x86_64 | 1.0.25.1 | 13.00 | 241.00 | 254.00 | OK | |
r-oldrel-macos-arm64 | 1.0.25.1 | 120.00 | OK | |||
r-oldrel-macos-x86_64 | 1.0.25.1 | 286.00 | OK | |||
r-oldrel-windows-x86_64 | 1.0.25.1 | 14.00 | 289.00 | 303.00 | OK |
Version: 1.0.25.1
Check: tests
Result: NOTE
Running ‘BIC.R’ [1s/1s]
Comparing ‘BIC.Rout’ to ‘BIC.Rout.save’ ... OK
Running ‘ICtab.R’ [1s/1s]
Comparing ‘ICtab.Rout’ to ‘ICtab.Rout.save’ ... OK
Running ‘RUnit-tests.R’ [0s/0s]
Running ‘binomtest1.R’ [1s/2s]
Comparing ‘binomtest1.Rout’ to ‘binomtest1.Rout.save’ ... OK
Running ‘boundstest.R’ [0s/0s]
Running ‘controleval.R’ [1s/1s]
Comparing ‘controleval.Rout’ to ‘controleval.Rout.save’ ... OK
Running ‘eval.R’ [1s/1s]
Comparing ‘eval.Rout’ to ‘eval.Rout.save’ ... OK
Running ‘formulatest.R’ [2s/2s]
Comparing ‘formulatest.Rout’ to ‘formulatest.Rout.save’ ... OK
Running ‘glmcomp.R’ [1s/2s]
Comparing ‘glmcomp.Rout’ to ‘glmcomp.Rout.save’ ... OK
Running ‘gradient_vecpar_profile.R’ [6s/7s]
Comparing ‘gradient_vecpar_profile.Rout’ to ‘gradient_vecpar_profile.Rout.save’ ... OK
Running ‘grtest1.R’ [1s/1s]
Comparing ‘grtest1.Rout’ to ‘grtest1.Rout.save’ ... OK
Running ‘impsamp.R’ [1s/1s]
Running ‘methods.R’ [1s/1s]
Comparing ‘methods.Rout’ to ‘methods.Rout.save’ ... OK
Running ‘mortanal.R’ [1s/1s]
Comparing ‘mortanal.Rout’ to ‘mortanal.Rout.save’ ... OK
Running ‘optimize.R’ [1s/1s]
Comparing ‘optimize.Rout’ to ‘optimize.Rout.save’ ... OK
Running ‘optimizers.R’ [1s/1s]
Comparing ‘optimizers.Rout’ to ‘optimizers.Rout.save’ ... OK
Running ‘optimx.R’ [4s/5s]
Comparing ‘optimx.Rout’ to ‘optimx.Rout.save’ ... OK
Running ‘order.R’ [1s/1s]
Comparing ‘order.Rout’ to ‘order.Rout.save’ ... OK
Running ‘parscale.R’ [1s/1s]
Comparing ‘parscale.Rout’ to ‘parscale.Rout.save’ ... OK
Running ‘predict.R’ [1s/1s]
Comparing ‘predict.Rout’ to ‘predict.Rout.save’ ... OK
Running ‘prof_newmin.R’ [1s/1s]
Running ‘prof_spec.R’ [1s/1s]
Running ‘profbound.R’ [1s/1s]
Comparing ‘profbound.Rout’ to ‘profbound.Rout.save’ ...36,38d35
< Warning message:
< In mle2(minuslogl = function (a = NULL, b = NULL) :
< convergence failure: code=52 (ERROR: ABNORMAL_TERMINATION_IN_LNSRCH)
Running ‘richards.R’ [5s/5s]
Comparing ‘richards.Rout’ to ‘richards.Rout.save’ ... OK
Running ‘startvals.R’ [1s/1s]
Comparing ‘startvals.Rout’ to ‘startvals.Rout.save’ ... OK
Running ‘startvals2.R’ [1s/1s]
Comparing ‘startvals2.Rout’ to ‘startvals2.Rout.save’ ... OK
Running ‘test-relist1.R’ [1s/1s]
Comparing ‘test-relist1.Rout’ to ‘test-relist1.Rout.save’ ... OK
Running ‘testbounds.R’ [1s/1s]
Comparing ‘testbounds.Rout’ to ‘testbounds.Rout.save’ ... OK
Running ‘testderiv.R’ [1s/1s]
Comparing ‘testderiv.Rout’ to ‘testderiv.Rout.save’ ... OK
Running ‘testenv.R’ [1s/2s]
Comparing ‘testenv.Rout’ to ‘testenv.Rout.save’ ... OK
Running ‘testparpred.R’ [1s/1s]
Comparing ‘testparpred.Rout’ to ‘testparpred.Rout.save’ ... OK
Running ‘tmptest.R’ [1s/1s]
Comparing ‘tmptest.Rout’ to ‘tmptest.Rout.save’ ... OK
Running ‘update.R’ [1s/1s]
Comparing ‘update.Rout’ to ‘update.Rout.save’ ... OK
Flavor: r-devel-macos-arm64