Last updated on 2025-02-20 09:50:43 CET.
Flavor | Version | Tinstall | Tcheck | Ttotal | Status | Flags |
---|---|---|---|---|---|---|
r-devel-linux-x86_64-debian-clang | 0.0.1.4 | 2134.09 | 196.66 | 2330.75 | OK | |
r-devel-linux-x86_64-debian-gcc | 0.0.1.4 | 1744.73 | 292.86 | 2037.59 | OK | |
r-devel-linux-x86_64-fedora-clang | 0.0.1.4 | 3533.87 | OK | |||
r-devel-linux-x86_64-fedora-gcc | 0.0.1.4 | 5190.24 | OK | |||
r-devel-macos-arm64 | 0.0.1.4 | 1409.00 | OK | |||
r-devel-macos-x86_64 | 0.0.1.4 | 1023.00 | OK | |||
r-devel-windows-x86_64 | 0.0.1.4 | 1930.00 | 371.00 | 2301.00 | OK | |
r-patched-linux-x86_64 | 0.0.1.4 | 2396.34 | 394.34 | 2790.68 | NOTE | |
r-release-linux-x86_64 | 0.0.1.4 | 2345.66 | 391.88 | 2737.54 | NOTE | |
r-release-macos-arm64 | 0.0.1.4 | 621.00 | NOTE | |||
r-release-macos-x86_64 | 0.0.1.4 | 354.00 | NOTE | |||
r-release-windows-x86_64 | 0.0.1.4 | 1930.00 | 3.00 | 1933.00 | FAIL | |
r-oldrel-macos-arm64 | 0.0.1.4 | 857.00 | NOTE | |||
r-oldrel-macos-x86_64 | 0.0.1.4 | 694.00 | NOTE | |||
r-oldrel-windows-x86_64 | 0.0.1.4 | 2601.00 | 458.00 | 3059.00 | NOTE |
Version: 0.0.1.4
Check: for GNU extensions in Makefiles
Result: NOTE
GNU make is a SystemRequirements.
Flavors: r-patched-linux-x86_64, r-release-linux-x86_64, r-release-macos-arm64, r-release-macos-x86_64, r-oldrel-macos-arm64, r-oldrel-macos-x86_64, r-oldrel-windows-x86_64
Version: 0.0.1.4
Check: installed package size
Result: NOTE
installed size is 244.0Mb
sub-directories of 1Mb or more:
libs 243.2Mb
Flavors: r-release-macos-arm64, r-release-macos-x86_64, r-oldrel-macos-arm64, r-oldrel-macos-x86_64, r-oldrel-windows-x86_64
Version: 0.0.1.4
Check: package dependencies
Result: FAIL
Flavor: r-release-windows-x86_64