Last updated on 2025-04-16 09:52:54 CEST.
Flavor | Version | Tinstall | Tcheck | Ttotal | Status | Flags |
---|---|---|---|---|---|---|
r-devel-linux-x86_64-debian-clang | 0.0.1.5 | 2162.71 | 195.62 | 2358.33 | OK | |
r-devel-linux-x86_64-debian-gcc | 0.0.1.5 | 1774.49 | 284.68 | 2059.17 | OK | |
r-devel-linux-x86_64-fedora-clang | 0.0.1.5 | 3561.46 | OK | |||
r-devel-linux-x86_64-fedora-gcc | 0.0.1.5 | 5196.48 | OK | |||
r-devel-windows-x86_64 | 0.0.1.5 | 2291.00 | 399.00 | 2690.00 | OK | |
r-patched-linux-x86_64 | 0.0.1.5 | 2382.02 | 401.21 | 2783.23 | OK | |
r-release-linux-x86_64 | 0.0.1.5 | 2360.53 | 402.48 | 2763.01 | OK | |
r-release-macos-arm64 | 0.0.1.5 | 1379.00 | OK | |||
r-release-macos-x86_64 | 0.0.1.5 | 862.00 | OK | |||
r-release-windows-x86_64 | 0.0.1.5 | 2240.00 | 409.00 | 2649.00 | OK | |
r-oldrel-macos-arm64 | 0.0.1.5 | 779.00 | NOTE | |||
r-oldrel-macos-x86_64 | 0.0.1.5 | 587.00 | NOTE | |||
r-oldrel-windows-x86_64 | 0.0.1.5 | 2580.00 | 492.00 | 3072.00 | NOTE |
Version: 0.0.1.5
Check: installed package size
Result: NOTE
installed size is 244.0Mb
sub-directories of 1Mb or more:
libs 243.2Mb
Flavors: r-oldrel-macos-arm64, r-oldrel-macos-x86_64, r-oldrel-windows-x86_64
Version: 0.0.1.5
Check: for GNU extensions in Makefiles
Result: NOTE
GNU make is a SystemRequirements.
Flavors: r-oldrel-macos-arm64, r-oldrel-macos-x86_64, r-oldrel-windows-x86_64