CRAN Package Check Results for Package bayesianETAS

Last updated on 2025-02-16 09:50:34 CET.

Flavor Version Tinstall Tcheck Ttotal Status Flags
r-devel-linux-x86_64-debian-clang 1.0.3 4.51 18.67 23.18 NOTE
r-devel-linux-x86_64-debian-gcc 1.0.3 3.14 15.53 18.67 NOTE
r-devel-linux-x86_64-fedora-clang 1.0.3 40.10 NOTE
r-devel-linux-x86_64-fedora-gcc 1.0.3 37.28 NOTE
r-devel-macos-arm64 1.0.3 19.00 NOTE
r-devel-macos-x86_64 1.0.3 26.00 NOTE
r-devel-windows-x86_64 1.0.3 6.00 42.00 48.00 NOTE
r-patched-linux-x86_64 1.0.3 4.17 18.13 22.30 NOTE
r-release-linux-x86_64 1.0.3 4.20 18.07 22.27 NOTE
r-release-macos-arm64 1.0.3 20.00 NOTE
r-release-macos-x86_64 1.0.3 22.00 NOTE
r-release-windows-x86_64 1.0.3 6.00 41.00 47.00 NOTE
r-oldrel-macos-arm64 1.0.3 20.00 NOTE
r-oldrel-macos-x86_64 1.0.3 22.00 NOTE
r-oldrel-windows-x86_64 1.0.3 7.00 58.00 65.00 NOTE

Check Details

Version: 1.0.3
Check: C++ specification
Result: NOTE Specified C++11: please drop specification unless essential Flavors: r-devel-linux-x86_64-debian-clang, r-devel-linux-x86_64-debian-gcc, r-devel-linux-x86_64-fedora-clang, r-devel-linux-x86_64-fedora-gcc, r-devel-macos-arm64, r-devel-macos-x86_64, r-devel-windows-x86_64, r-patched-linux-x86_64, r-release-linux-x86_64, r-release-macos-arm64, r-release-macos-x86_64, r-release-windows-x86_64, r-oldrel-macos-arm64, r-oldrel-macos-x86_64, r-oldrel-windows-x86_64

Version: 1.0.3
Check: compiled code
Result: NOTE File ‘bayesianETAS/libs/bayesianETAS.so’: Found no calls to: ‘R_registerRoutines’, ‘R_useDynamicSymbols’ It is good practice to register native routines and to disable symbol search. See ‘Writing portable packages’ in the ‘Writing R Extensions’ manual. Flavors: r-devel-linux-x86_64-fedora-clang, r-devel-linux-x86_64-fedora-gcc