CRAN Package Check Results for Package bayefdr

Last updated on 2025-02-20 09:50:43 CET.

Flavor Version Tinstall Tcheck Ttotal Status Flags
r-devel-linux-x86_64-debian-clang 0.2.1 5.30 47.75 53.05 OK
r-devel-linux-x86_64-debian-gcc 0.2.1 3.49 33.13 36.62 OK
r-devel-linux-x86_64-fedora-clang 0.2.1 82.62 OK
r-devel-linux-x86_64-fedora-gcc 0.2.1 82.58 OK
r-devel-macos-arm64 0.2.1 28.00 OK
r-devel-macos-x86_64 0.2.1 47.00 OK
r-devel-windows-x86_64 0.2.1 8.00 64.00 72.00 OK
r-patched-linux-x86_64 0.2.1 4.78 44.08 48.86 OK
r-release-linux-x86_64 0.2.1 4.68 42.96 47.64 OK
r-release-macos-arm64 0.2.1 29.00 OK
r-release-macos-x86_64 0.2.1 46.00 OK
r-release-windows-x86_64 0.2.1 7.00 3.00 10.00 FAIL
r-oldrel-macos-arm64 0.2.1 26.00 OK
r-oldrel-macos-x86_64 0.2.1 42.00 OK
r-oldrel-windows-x86_64 0.2.1 9.00 70.00 79.00 OK

Check Details

Version: 0.2.1
Check: package dependencies
Result: FAIL
Flavor: r-release-windows-x86_64