Last updated on 2025-10-27 08:49:46 CET.
| Flavor | Version | Tinstall | Tcheck | Ttotal | Status | Flags | 
|---|---|---|---|---|---|---|
| r-devel-linux-x86_64-debian-clang | 0.9.0 | 2.93 | 31.33 | 34.26 | NOTE | |
| r-devel-linux-x86_64-debian-gcc | 0.9.0 | 2.09 | 24.32 | 26.41 | NOTE | |
| r-devel-linux-x86_64-fedora-clang | 0.9.0 | 53.08 | OK | |||
| r-devel-linux-x86_64-fedora-gcc | 0.9.0 | 50.56 | OK | |||
| r-devel-windows-x86_64 | 0.9.0 | 5.00 | 49.00 | 54.00 | OK | |
| r-patched-linux-x86_64 | 0.9.0 | 2.93 | 30.07 | 33.00 | OK | |
| r-release-linux-x86_64 | 0.9.0 | 2.91 | 30.18 | 33.09 | OK | |
| r-release-macos-arm64 | 0.9.0 | 2.00 | 26.00 | 28.00 | OK | |
| r-release-macos-x86_64 | 0.9.0 | 4.00 | 33.00 | 37.00 | OK | |
| r-release-windows-x86_64 | 0.9.0 | 6.00 | 51.00 | 57.00 | OK | |
| r-oldrel-macos-arm64 | 0.9.0 | 2.00 | 18.00 | 20.00 | OK | |
| r-oldrel-macos-x86_64 | 0.9.0 | 3.00 | 29.00 | 32.00 | OK | |
| r-oldrel-windows-x86_64 | 0.9.0 | 6.00 | 54.00 | 60.00 | OK | 
Version: 0.9.0
Check: CRAN incoming feasibility
Result: NOTE
  Maintainer: ‘Eduardo Flores <eduardo@enelmargen.org>’
  
  No Authors@R field in DESCRIPTION.
  Please add one, modifying
    Authors@R: person(given = "Eduardo",
                      family = "Flores",
                      role = c("aut", "cre"),
                      email = "eduardo@enelmargen.org")
  as necessary.
Flavors: r-devel-linux-x86_64-debian-clang, r-devel-linux-x86_64-debian-gcc