Last updated on 2025-02-16 09:50:34 CET.
Flavor | Version | Tinstall | Tcheck | Ttotal | Status | Flags |
---|---|---|---|---|---|---|
r-devel-linux-x86_64-debian-clang | 1.3.2 | 3.71 | 33.46 | 37.17 | OK | |
r-devel-linux-x86_64-debian-gcc | 1.3.2 | 2.91 | 24.67 | 27.58 | OK | |
r-devel-linux-x86_64-fedora-clang | 1.3.2 | 63.49 | OK | |||
r-devel-linux-x86_64-fedora-gcc | 1.3.2 | 70.36 | OK | |||
r-devel-macos-arm64 | 1.3.2 | 22.00 | OK | |||
r-devel-macos-x86_64 | 1.3.2 | 46.00 | OK | |||
r-devel-windows-x86_64 | 1.3.2 | 5.00 | 67.00 | 72.00 | OK | |
r-patched-linux-x86_64 | 1.3.2 | 3.97 | 32.31 | 36.28 | NOTE | |
r-release-linux-x86_64 | 1.3.2 | 3.32 | 32.24 | 35.56 | NOTE | |
r-release-macos-arm64 | 1.3.2 | 27.00 | NOTE | |||
r-release-macos-x86_64 | 1.3.2 | 41.00 | NOTE | |||
r-release-windows-x86_64 | 1.3.2 | 5.00 | 58.00 | 63.00 | NOTE | |
r-oldrel-macos-arm64 | 1.3.2 | 27.00 | NOTE | |||
r-oldrel-macos-x86_64 | 1.3.2 | 42.00 | NOTE | |||
r-oldrel-windows-x86_64 | 1.3.2 | 9.00 | 61.00 | 70.00 | NOTE |
Version: 1.3.2
Check: LazyData
Result: NOTE
'LazyData' is specified without a 'data' directory
Flavors: r-patched-linux-x86_64, r-release-linux-x86_64, r-release-macos-arm64, r-release-macos-x86_64, r-release-windows-x86_64, r-oldrel-macos-arm64, r-oldrel-macos-x86_64, r-oldrel-windows-x86_64