CRAN Package Check Results for Package attempt

Last updated on 2025-02-20 09:50:43 CET.

Flavor Version Tinstall Tcheck Ttotal Status Flags
r-devel-linux-x86_64-debian-clang 0.3.1 2.31 36.45 38.76 OK
r-devel-linux-x86_64-debian-gcc 0.3.1 1.88 29.52 31.40 OK
r-devel-linux-x86_64-fedora-clang 0.3.1 63.13 OK
r-devel-linux-x86_64-fedora-gcc 0.3.1 78.53 OK
r-devel-macos-arm64 0.3.1 35.00 OK
r-devel-macos-x86_64 0.3.1 61.00 OK
r-devel-windows-x86_64 0.3.1 3.00 59.00 62.00 OK
r-patched-linux-x86_64 0.3.1 2.61 34.82 37.43 NOTE
r-release-linux-x86_64 0.3.1 2.13 34.85 36.98 NOTE
r-release-macos-arm64 0.3.1 42.00 NOTE
r-release-macos-x86_64 0.3.1 47.00 NOTE
r-release-windows-x86_64 0.3.1 3.00 59.00 62.00 NOTE
r-oldrel-macos-arm64 0.3.1 33.00 NOTE
r-oldrel-macos-x86_64 0.3.1 45.00 NOTE
r-oldrel-windows-x86_64 0.3.1 4.00 71.00 75.00 NOTE

Check Details

Version: 0.3.1
Check: LazyData
Result: NOTE 'LazyData' is specified without a 'data' directory Flavors: r-patched-linux-x86_64, r-release-linux-x86_64, r-release-macos-arm64, r-release-macos-x86_64, r-release-windows-x86_64, r-oldrel-macos-arm64, r-oldrel-macos-x86_64, r-oldrel-windows-x86_64