Last updated on 2025-02-19 09:50:42 CET.
Flavor | Version | Tinstall | Tcheck | Ttotal | Status | Flags |
---|---|---|---|---|---|---|
r-devel-linux-x86_64-debian-clang | 0.9.8.1 | 35.63 | 213.91 | 249.54 | NOTE | |
r-devel-linux-x86_64-debian-gcc | 0.9.8.1 | 27.67 | 134.14 | 161.81 | NOTE | |
r-devel-linux-x86_64-fedora-clang | 0.9.8.1 | 414.18 | NOTE | |||
r-devel-linux-x86_64-fedora-gcc | 0.9.8.1 | 403.76 | NOTE | |||
r-devel-macos-arm64 | 0.9.8.1 | 91.00 | NOTE | |||
r-devel-macos-x86_64 | 0.9.8.1 | 208.00 | NOTE | |||
r-devel-windows-x86_64 | 0.9.8.1 | 39.00 | 192.00 | 231.00 | NOTE | |
r-patched-linux-x86_64 | 0.9.8.1 | 38.51 | 194.35 | 232.86 | NOTE | |
r-release-linux-x86_64 | 0.9.8.1 | 33.13 | 193.89 | 227.02 | NOTE | |
r-release-macos-arm64 | 0.9.8.1 | 87.00 | NOTE | |||
r-release-macos-x86_64 | 0.9.8.1 | 142.00 | NOTE | |||
r-release-windows-x86_64 | 0.9.8.1 | 39.00 | 3.00 | 42.00 | FAIL | |
r-oldrel-macos-arm64 | 0.9.8.1 | 87.00 | OK | |||
r-oldrel-macos-x86_64 | 0.9.8.1 | 221.00 | OK | |||
r-oldrel-windows-x86_64 | 0.9.8.1 | 50.00 | 243.00 | 293.00 | OK |
Version: 0.9.8.1
Check: Rd files
Result: NOTE
checkRd: (-1) ataCoKriging.Rd:52: Lost braces; missing escapes or markup?
52 | only one contrained condition for all points and all variables, \\sum_{i=1}^n\\lambda_i +\\sum_{j=1}^m\\beta_j =1, assuming expected means of variables known and constant with the study area.
| ^
checkRd: (-1) ataCoKriging.Rd:52: Lost braces; missing escapes or markup?
52 | only one contrained condition for all points and all variables, \\sum_{i=1}^n\\lambda_i +\\sum_{j=1}^m\\beta_j =1, assuming expected means of variables known and constant with the study area.
| ^
Flavors: r-devel-linux-x86_64-debian-clang, r-devel-linux-x86_64-debian-gcc, r-devel-linux-x86_64-fedora-clang, r-devel-linux-x86_64-fedora-gcc, r-devel-macos-arm64, r-devel-macos-x86_64, r-devel-windows-x86_64, r-patched-linux-x86_64, r-release-linux-x86_64, r-release-macos-arm64, r-release-macos-x86_64
Version: 0.9.8.1
Check: for unstated dependencies in ‘demo’
Result: NOTE
'library' or 'require' call not declared from: ‘sp’
Flavors: r-devel-linux-x86_64-debian-clang, r-devel-linux-x86_64-debian-gcc
Version: 0.9.8.1
Check: package dependencies
Result: FAIL
Flavor: r-release-windows-x86_64