Last updated on 2025-10-07 09:49:39 CEST.
Flavor | Version | Tinstall | Tcheck | Ttotal | Status | Flags |
---|---|---|---|---|---|---|
r-devel-linux-x86_64-debian-clang | 2.0.4 | 15.54 | 127.24 | 142.78 | NOTE | |
r-devel-linux-x86_64-debian-gcc | 2.0.5 | 10.10 | 92.04 | 102.14 | OK | |
r-devel-linux-x86_64-fedora-clang | 2.0.5 | 224.92 | OK | |||
r-devel-linux-x86_64-fedora-gcc | 2.0.5 | 221.03 | OK | |||
r-devel-windows-x86_64 | 2.0.5 | 17.00 | 132.00 | 149.00 | OK | |
r-patched-linux-x86_64 | 2.0.4 | 14.41 | 120.40 | 134.81 | OK | |
r-release-linux-x86_64 | 2.0.5 | 15.38 | 122.63 | 138.01 | OK | |
r-release-macos-arm64 | 2.0.4 | 60.00 | OK | |||
r-release-macos-x86_64 | 2.0.5 | 219.00 | OK | |||
r-release-windows-x86_64 | 2.0.5 | 17.00 | 134.00 | 151.00 | OK | |
r-oldrel-macos-arm64 | 2.0.4 | 58.00 | OK | |||
r-oldrel-macos-x86_64 | 2.0.5 | 142.00 | OK | |||
r-oldrel-windows-x86_64 | 2.0.5 | 26.00 | 167.00 | 193.00 | OK |
Version: 2.0.4
Check: CRAN incoming feasibility
Result: NOTE
Maintainer: ‘Berrie Zielman <berrie.zielman@gmail.com>’
No Authors@R field in DESCRIPTION.
Please add one, modifying
Authors@R: person(given = "Berrie",
family = "Zielman",
role = c("aut", "cre"),
email = "berrie.zielman@gmail.com")
as necessary.
Flavor: r-devel-linux-x86_64-debian-clang