Last updated on 2025-02-19 09:50:42 CET.
Flavor | Version | Tinstall | Tcheck | Ttotal | Status | Flags |
---|---|---|---|---|---|---|
r-devel-linux-x86_64-debian-clang | 1.0.0 | 188.80 | 122.85 | 311.65 | OK | |
r-devel-linux-x86_64-debian-gcc | 1.0.0 | 126.68 | 81.20 | 207.88 | OK | |
r-devel-linux-x86_64-fedora-clang | 1.0.0 | 627.97 | OK | |||
r-devel-linux-x86_64-fedora-gcc | 1.0.0 | 608.65 | OK | |||
r-devel-macos-arm64 | 1.0.0 | 123.00 | OK | |||
r-devel-macos-x86_64 | 1.0.0 | 157.00 | OK | |||
r-devel-windows-x86_64 | 1.0.0 | 206.00 | 142.00 | 348.00 | OK | |
r-patched-linux-x86_64 | 1.0.0 | 185.15 | 117.03 | 302.18 | OK | |
r-release-linux-x86_64 | 1.0.0 | 175.51 | 118.34 | 293.85 | OK | |
r-release-macos-arm64 | 1.0.0 | 129.00 | NOTE | |||
r-release-macos-x86_64 | 1.0.0 | 132.00 | NOTE | |||
r-release-windows-x86_64 | 1.0.0 | 201.00 | 140.00 | 341.00 | OK | |
r-oldrel-macos-arm64 | 1.0.0 | 96.00 | NOTE | |||
r-oldrel-macos-x86_64 | 1.0.0 | 170.00 | NOTE | |||
r-oldrel-windows-x86_64 | 1.0.0 | 233.00 | 162.00 | 395.00 | OK |
Version: 1.0.0
Check: installed package size
Result: NOTE
installed size is 10.8Mb
sub-directories of 1Mb or more:
data 1.1Mb
libs 8.5Mb
Flavors: r-release-macos-arm64, r-release-macos-x86_64, r-oldrel-macos-arm64, r-oldrel-macos-x86_64