CRAN Package Check Results for Package asdreader

Last updated on 2025-02-16 09:50:34 CET.

Flavor Version Tinstall Tcheck Ttotal Status Flags
r-devel-linux-x86_64-debian-clang 0.1-3 1.85 16.57 18.42 OK
r-devel-linux-x86_64-debian-gcc 0.1-3 1.37 13.84 15.21 OK
r-devel-linux-x86_64-fedora-clang 0.1-3 30.25 OK
r-devel-linux-x86_64-fedora-gcc 0.1-3 28.11 OK
r-devel-macos-arm64 0.1-3 14.00 OK
r-devel-macos-x86_64 0.1-3 21.00 OK
r-devel-windows-x86_64 0.1-3 3.00 35.00 38.00 OK
r-patched-linux-x86_64 0.1-3 1.97 16.03 18.00 NOTE
r-release-linux-x86_64 0.1-3 1.78 15.80 17.58 NOTE
r-release-macos-arm64 0.1-3 21.00 NOTE
r-release-macos-x86_64 0.1-3 19.00 NOTE
r-release-windows-x86_64 0.1-3 3.00 36.00 39.00 NOTE
r-oldrel-macos-arm64 0.1-3 14.00 NOTE
r-oldrel-macos-x86_64 0.1-3 19.00 NOTE
r-oldrel-windows-x86_64 0.1-3 5.00 36.00 41.00 NOTE

Check Details

Version: 0.1-3
Check: LazyData
Result: NOTE 'LazyData' is specified without a 'data' directory Flavors: r-patched-linux-x86_64, r-release-linux-x86_64, r-release-macos-arm64, r-release-macos-x86_64, r-release-windows-x86_64, r-oldrel-macos-arm64, r-oldrel-macos-x86_64, r-oldrel-windows-x86_64