Last updated on 2025-02-19 09:50:42 CET.
Flavor | Version | Tinstall | Tcheck | Ttotal | Status | Flags |
---|---|---|---|---|---|---|
r-devel-linux-x86_64-debian-clang | 1.7-9 | 26.13 | 149.40 | 175.53 | OK | |
r-devel-linux-x86_64-debian-gcc | 1.7-9 | 16.40 | 105.13 | 121.53 | OK | |
r-devel-linux-x86_64-fedora-clang | 1.7-9 | 268.80 | OK | |||
r-devel-linux-x86_64-fedora-gcc | 1.7-9 | 287.34 | OK | |||
r-devel-macos-arm64 | 1.7-9 | 82.00 | OK | |||
r-devel-macos-x86_64 | 1.7-9 | 184.00 | OK | |||
r-devel-windows-x86_64 | 1.7-9 | 31.00 | 192.00 | 223.00 | OK | |
r-patched-linux-x86_64 | 1.7-9 | 27.73 | 140.33 | 168.06 | OK | |
r-release-linux-x86_64 | 1.7-9 | 22.52 | 140.73 | 163.25 | OK | |
r-release-macos-arm64 | 1.7-9 | 84.00 | OK | |||
r-release-macos-x86_64 | 1.7-9 | 183.00 | OK | |||
r-release-windows-x86_64 | 1.7-9 | 32.00 | 3.00 | 35.00 | FAIL | |
r-oldrel-macos-arm64 | 1.7-9 | 92.00 | OK | |||
r-oldrel-macos-x86_64 | 1.7-9 | 231.00 | OK | |||
r-oldrel-windows-x86_64 | 1.7-9 | 36.00 | 212.00 | 248.00 | OK |
Version: 1.7-9
Check: package dependencies
Result: FAIL
Flavor: r-release-windows-x86_64