CRAN Package Check Results for Package arthistory

Last updated on 2025-02-19 09:50:42 CET.

Flavor Version Tinstall Tcheck Ttotal Status Flags
r-devel-linux-x86_64-debian-clang 0.1.0 1.68 20.36 22.04 OK
r-devel-linux-x86_64-debian-gcc 0.1.0 1.36 16.57 17.93 OK
r-devel-linux-x86_64-fedora-clang 0.1.0 34.62 OK
r-devel-linux-x86_64-fedora-gcc 0.1.0 35.32 OK
r-devel-macos-arm64 0.1.0 17.00 OK
r-devel-macos-x86_64 0.1.0 28.00 OK
r-devel-windows-x86_64 0.1.0 3.00 60.00 63.00 OK
r-patched-linux-x86_64 0.1.0 1.71 19.65 21.36 OK
r-release-linux-x86_64 0.1.0 1.55 19.44 20.99 OK
r-release-macos-arm64 0.1.0 19.00 OK
r-release-macos-x86_64 0.1.0 24.00 OK
r-release-windows-x86_64 0.1.0 3.00 3.00 6.00 FAIL
r-oldrel-macos-arm64 0.1.0 19.00 OK
r-oldrel-macos-x86_64 0.1.0 22.00 OK
r-oldrel-windows-x86_64 0.1.0 5.00 44.00 49.00 OK

Check Details

Version: 0.1.0
Check: package dependencies
Result: FAIL
Flavor: r-release-windows-x86_64