Last updated on 2025-05-11 09:50:02 CEST.
Flavor | Version | Tinstall | Tcheck | Ttotal | Status | Flags |
---|---|---|---|---|---|---|
r-devel-linux-x86_64-debian-clang | 19.0.1.1 | 3485.77 | 249.91 | 3735.68 | OK | |
r-devel-linux-x86_64-debian-gcc | 19.0.1.1 | 2674.33 | 165.80 | 2840.13 | OK | |
r-devel-linux-x86_64-fedora-clang | 19.0.1.1 | 6608.48 | OK | |||
r-devel-linux-x86_64-fedora-gcc | 20.0.0 | 9312.36 | OK | |||
r-devel-windows-x86_64 | 19.0.1.1 | 441.00 | 572.00 | 1013.00 | OK | |
r-patched-linux-x86_64 | 19.0.1.1 | 3667.80 | 237.91 | 3905.71 | OK | |
r-release-linux-x86_64 | 19.0.1.1 | 3655.45 | 234.94 | 3890.39 | OK | |
r-release-macos-arm64 | 20.0.0 | 788.00 | OK | |||
r-release-macos-x86_64 | 20.0.0 | 32.00 | ERROR | |||
r-release-windows-x86_64 | 19.0.1.1 | 490.00 | 588.00 | 1078.00 | OK | |
r-oldrel-macos-arm64 | 20.0.0 | 867.00 | NOTE | |||
r-oldrel-macos-x86_64 | 20.0.0 | 101.00 | ERROR | |||
r-oldrel-windows-x86_64 | 19.0.1.1 | 601.00 | 774.00 | 1375.00 | NOTE |
Version: 20.0.0
Check: whether package can be installed
Result: ERROR
Installation failed.
Flavors: r-release-macos-x86_64, r-oldrel-macos-x86_64
Version: 20.0.0
Check: installed package size
Result: NOTE
installed size is 117.7Mb
sub-directories of 1Mb or more:
R 5.1Mb
libs 112.1Mb
Flavor: r-oldrel-macos-arm64
Version: 19.0.1.1
Check: installed package size
Result: NOTE
installed size is 45.1Mb
sub-directories of 1Mb or more:
R 4.4Mb
libs 40.1Mb
Flavor: r-oldrel-windows-x86_64