Last updated on 2025-02-19 09:50:42 CET.
Flavor | Version | Tinstall | Tcheck | Ttotal | Status | Flags |
---|---|---|---|---|---|---|
r-devel-linux-x86_64-debian-clang | 1.3.5 | 23.79 | 109.29 | 133.08 | NOTE | |
r-devel-linux-x86_64-debian-gcc | 1.3.5 | 17.25 | 76.94 | 94.19 | NOTE | |
r-devel-linux-x86_64-fedora-clang | 1.3.5 | 225.33 | NOTE | |||
r-devel-linux-x86_64-fedora-gcc | 1.3.5 | 231.75 | NOTE | |||
r-devel-macos-arm64 | 1.3.5 | 95.00 | NOTE | |||
r-devel-macos-x86_64 | 1.3.5 | 146.00 | NOTE | |||
r-devel-windows-x86_64 | 1.3.5 | 16.00 | 111.00 | 127.00 | NOTE | |
r-patched-linux-x86_64 | 1.3.5 | 22.78 | 104.51 | 127.29 | NOTE | |
r-release-linux-x86_64 | 1.3.5 | 20.54 | 103.94 | 124.48 | NOTE | |
r-release-macos-arm64 | 1.3.5 | 84.00 | NOTE | |||
r-release-macos-x86_64 | 1.3.5 | 141.00 | NOTE | |||
r-release-windows-x86_64 | 1.3.5 | 16.00 | 108.00 | 124.00 | NOTE | |
r-oldrel-macos-arm64 | 1.3.5 | 58.00 | OK | |||
r-oldrel-macos-x86_64 | 1.3.5 | 98.00 | OK | |||
r-oldrel-windows-x86_64 | 1.3.5 | 19.00 | 118.00 | 137.00 | OK |
Version: 1.3.5
Check: Rd files
Result: NOTE
checkRd: (-1) iconplot.Rd:172: Lost braces
172 | the height of the area containing the panels and a margin of size code{100 * 0.1}
| ^
Flavors: r-devel-linux-x86_64-debian-clang, r-devel-linux-x86_64-debian-gcc, r-devel-linux-x86_64-fedora-clang, r-devel-linux-x86_64-fedora-gcc, r-devel-macos-arm64, r-devel-macos-x86_64, r-devel-windows-x86_64, r-patched-linux-x86_64, r-release-linux-x86_64, r-release-macos-arm64, r-release-macos-x86_64, r-release-windows-x86_64