Last updated on 2025-02-16 09:50:34 CET.
Flavor | Version | Tinstall | Tcheck | Ttotal | Status | Flags |
---|---|---|---|---|---|---|
r-devel-linux-x86_64-debian-clang | 0.1.2 | 1.98 | 21.76 | 23.74 | OK | |
r-devel-linux-x86_64-debian-gcc | 0.1.2 | 1.61 | 17.05 | 18.66 | OK | |
r-devel-linux-x86_64-fedora-clang | 0.1.2 | 38.99 | OK | |||
r-devel-linux-x86_64-fedora-gcc | 0.1.2 | 37.03 | OK | |||
r-devel-macos-arm64 | 0.1.2 | 17.00 | OK | |||
r-devel-macos-x86_64 | 0.1.2 | 27.00 | OK | |||
r-devel-windows-x86_64 | 0.1.2 | 5.00 | 55.00 | 60.00 | OK | |
r-patched-linux-x86_64 | 0.1.2 | 2.21 | 20.72 | 22.93 | OK | |
r-release-linux-x86_64 | 0.1.2 | 1.88 | 20.41 | 22.29 | OK | |
r-release-macos-arm64 | 0.1.2 | 24.00 | OK | |||
r-release-macos-x86_64 | 0.1.2 | 23.00 | OK | |||
r-release-windows-x86_64 | 0.1.2 | 3.00 | 44.00 | 47.00 | OK | |
r-oldrel-macos-arm64 | 0.1.2 | 18.00 | WARN | |||
r-oldrel-macos-x86_64 | 0.1.2 | 39.00 | WARN | |||
r-oldrel-windows-x86_64 | 0.1.2 | 4.00 | 46.00 | 50.00 | OK |
Version: 0.1.2
Check: Rd \usage sections
Result: WARN
Bad \usage lines found in documentation object 'annmatrix':
<unescaped bksl>method{@}{annmatrix}(object, name)
<unescaped bksl>method{@}{annmatrix}(object, name) <- value
Functions with \usage entries need to have the appropriate \alias
entries, and all their arguments documented.
The \usage entries must correspond to syntactically valid R code.
See chapter ‘Writing R documentation files’ in the ‘Writing R
Extensions’ manual.
Flavors: r-oldrel-macos-arm64, r-oldrel-macos-x86_64