CRAN Package Check Results for Package aniview

Last updated on 2025-04-16 09:52:53 CEST.

Flavor Version Tinstall Tcheck Ttotal Status Flags
r-devel-linux-x86_64-debian-clang 0.1.0 2.19 23.32 25.51 OK
r-devel-linux-x86_64-debian-gcc 0.1.0 1.73 19.37 21.10 OK
r-devel-linux-x86_64-fedora-clang 0.1.0 39.67 OK
r-devel-linux-x86_64-fedora-gcc 0.1.0 38.44 OK
r-devel-windows-x86_64 0.1.0 4.00 50.00 54.00 OK
r-patched-linux-x86_64 0.1.0 2.22 22.90 25.12 OK
r-release-linux-x86_64 0.1.0 2.21 22.77 24.98 OK
r-release-macos-arm64 0.1.0 19.00 OK
r-release-macos-x86_64 0.1.0 31.00 OK
r-release-windows-x86_64 0.1.0 3.00 48.00 51.00 OK
r-oldrel-macos-arm64 0.1.0 18.00 NOTE
r-oldrel-macos-x86_64 0.1.0 26.00 NOTE
r-oldrel-windows-x86_64 0.1.0 4.00 51.00 55.00 NOTE

Check Details

Version: 0.1.0
Check: LazyData
Result: NOTE 'LazyData' is specified without a 'data' directory Flavors: r-oldrel-macos-arm64, r-oldrel-macos-x86_64, r-oldrel-windows-x86_64