Last updated on 2025-02-16 09:50:34 CET.
Flavor | Version | Tinstall | Tcheck | Ttotal | Status | Flags |
---|---|---|---|---|---|---|
r-devel-linux-x86_64-debian-clang | 2.7 | 4.72 | 40.92 | 45.64 | NOTE | |
r-devel-linux-x86_64-debian-gcc | 2.7 | 3.23 | 29.92 | 33.15 | NOTE | |
r-devel-linux-x86_64-fedora-clang | 2.7 | 73.61 | OK | |||
r-devel-linux-x86_64-fedora-gcc | 2.7 | 71.43 | OK | |||
r-devel-macos-arm64 | 2.7 | 26.00 | OK | |||
r-devel-macos-x86_64 | 2.7 | 45.00 | OK | |||
r-devel-windows-x86_64 | 2.7 | 7.00 | 73.00 | 80.00 | OK | |
r-patched-linux-x86_64 | 2.7 | 6.07 | 37.63 | 43.70 | OK | |
r-release-linux-x86_64 | 2.7 | 4.30 | 37.91 | 42.21 | OK | |
r-release-macos-arm64 | 2.7 | 31.00 | OK | |||
r-release-macos-x86_64 | 2.7 | 36.00 | OK | |||
r-release-windows-x86_64 | 2.7 | 7.00 | 82.00 | 89.00 | OK | |
r-oldrel-macos-arm64 | 2.7 | 28.00 | OK | |||
r-oldrel-macos-x86_64 | 2.7 | 39.00 | OK | |||
r-oldrel-windows-x86_64 | 2.7 | 9.00 | 70.00 | 79.00 | OK |
Version: 2.7
Check: for unstated dependencies in ‘demo’
Result: NOTE
'library' or 'require' calls not declared from:
‘Cairo’ ‘fImport’ ‘rgl’ ‘zoo’
Flavors: r-devel-linux-x86_64-debian-clang, r-devel-linux-x86_64-debian-gcc