Last updated on 2025-02-16 09:50:34 CET.
Flavor | Version | Tinstall | Tcheck | Ttotal | Status | Flags |
---|---|---|---|---|---|---|
r-devel-linux-x86_64-debian-clang | 1.2 | 33.66 | 177.29 | 210.95 | NOTE | |
r-devel-linux-x86_64-debian-gcc | 1.2 | 19.76 | 119.97 | 139.73 | NOTE | |
r-devel-linux-x86_64-fedora-clang | 1.2 | 340.56 | NOTE | |||
r-devel-linux-x86_64-fedora-gcc | 1.2 | 318.08 | NOTE | |||
r-devel-macos-arm64 | 1.2 | 78.00 | NOTE | |||
r-devel-macos-x86_64 | 1.2 | 155.00 | NOTE | |||
r-devel-windows-x86_64 | 1.2 | 31.00 | 153.00 | 184.00 | NOTE | |
r-patched-linux-x86_64 | 1.2 | 35.15 | 162.07 | 197.22 | NOTE | |
r-release-linux-x86_64 | 1.2 | 29.89 | 162.37 | 192.26 | NOTE | |
r-release-macos-arm64 | 1.2 | 77.00 | NOTE | |||
r-release-macos-x86_64 | 1.2 | 140.00 | NOTE | |||
r-release-windows-x86_64 | 1.2 | 31.00 | 146.00 | 177.00 | NOTE | |
r-oldrel-macos-arm64 | 1.2 | 79.00 | OK | |||
r-oldrel-macos-x86_64 | 1.2 | 225.00 | OK | |||
r-oldrel-windows-x86_64 | 1.2 | 39.00 | 189.00 | 228.00 | OK |
Version: 1.2
Check: Rd files
Result: NOTE
checkRd: (-1) EKF_1d_interp_joint.Rd:55: Lost braces; missing escapes or markup?
55 | Prior 1x1 covariance matrix for predicting x_t from x_{t-1}.
| ^
checkRd: (-1) EKF_interp_joint.Rd:65: Lost braces; missing escapes or markup?
65 | Prior 2x2 covariance matrix for predicting x_t from x_{t-1}.
| ^
Flavors: r-devel-linux-x86_64-debian-clang, r-devel-linux-x86_64-debian-gcc, r-devel-linux-x86_64-fedora-clang, r-devel-linux-x86_64-fedora-gcc, r-devel-macos-arm64, r-devel-macos-x86_64, r-devel-windows-x86_64, r-patched-linux-x86_64, r-release-linux-x86_64, r-release-macos-arm64, r-release-macos-x86_64, r-release-windows-x86_64
Version: 1.2
Check: Rd cross-references
Result: NOTE
Found the following Rd file(s) with Rd \link{} targets missing package
anchors:
make_segments.Rd: ggplot
Please provide package anchors for all Rd \link{} targets not in the
package itself and the base packages.
Flavors: r-devel-linux-x86_64-debian-clang, r-devel-linux-x86_64-debian-gcc, r-devel-windows-x86_64