CRAN Package Check Results for Package anim.plots

Last updated on 2025-02-16 09:50:34 CET.

Flavor Version Tinstall Tcheck Ttotal Status Flags
r-devel-linux-x86_64-debian-clang 0.2.2 2.36 33.71 36.07 NOTE
r-devel-linux-x86_64-debian-gcc 0.2.2 1.82 25.97 27.79 NOTE
r-devel-linux-x86_64-fedora-clang 0.2.2 60.56 OK
r-devel-linux-x86_64-fedora-gcc 0.2.2 74.80 OK
r-devel-macos-arm64 0.2.2 31.00 OK
r-devel-macos-x86_64 0.2.2 62.00 OK
r-devel-windows-x86_64 0.2.2 3.00 67.00 70.00 NOTE
r-patched-linux-x86_64 0.2.2 4.25 32.77 37.02 OK
r-release-linux-x86_64 0.2.2 2.35 32.42 34.77 OK
r-release-macos-arm64 0.2.2 29.00 OK
r-release-macos-x86_64 0.2.2 43.00 OK
r-release-windows-x86_64 0.2.2 3.00 68.00 71.00 OK
r-oldrel-macos-arm64 0.2.2 28.00 OK
r-oldrel-macos-x86_64 0.2.2 44.00 OK
r-oldrel-windows-x86_64 0.2.2 5.00 62.00 67.00 OK

Check Details

Version: 0.2.2
Check: Rd cross-references
Result: NOTE Found the following Rd file(s) with Rd \link{} targets missing package anchors: anim.save.Rd: saveGIF Please provide package anchors for all Rd \link{} targets not in the package itself and the base packages. Flavors: r-devel-linux-x86_64-debian-clang, r-devel-linux-x86_64-debian-gcc, r-devel-windows-x86_64