Last updated on 2025-02-19 09:50:42 CET.
Flavor | Version | Tinstall | Tcheck | Ttotal | Status | Flags |
---|---|---|---|---|---|---|
r-devel-linux-x86_64-debian-clang | 0.80 | 13.33 | 95.02 | 108.35 | OK | |
r-devel-linux-x86_64-debian-gcc | 0.80 | 9.22 | 66.18 | 75.40 | OK | |
r-devel-linux-x86_64-fedora-clang | 0.80 | 166.82 | OK | |||
r-devel-linux-x86_64-fedora-gcc | 0.80 | 161.63 | OK | |||
r-devel-macos-arm64 | 0.80 | 51.00 | OK | |||
r-devel-macos-x86_64 | 0.80 | 87.00 | OK | |||
r-devel-windows-x86_64 | 0.80 | 14.00 | 97.00 | 111.00 | OK | |
r-patched-linux-x86_64 | 0.80 | 12.06 | 87.75 | 99.81 | OK | |
r-release-linux-x86_64 | 0.80 | 13.26 | 85.99 | 99.25 | OK | |
r-release-macos-arm64 | 0.80 | 52.00 | OK | |||
r-release-macos-x86_64 | 0.80 | 68.00 | OK | |||
r-release-windows-x86_64 | 0.80 | 13.00 | 3.00 | 16.00 | FAIL | |
r-oldrel-macos-arm64 | 0.80 | 48.00 | OK | |||
r-oldrel-macos-x86_64 | 0.80 | 76.00 | OK | |||
r-oldrel-windows-x86_64 | 0.80 | 20.00 | 117.00 | 137.00 | OK |
Version: 0.80
Check: package dependencies
Result: FAIL
Flavor: r-release-windows-x86_64