Last updated on 2025-10-27 08:49:46 CET.
| Flavor | Version | Tinstall | Tcheck | Ttotal | Status | Flags |
|---|---|---|---|---|---|---|
| r-devel-linux-x86_64-debian-clang | 1.0.1 | 6.96 | 119.51 | 126.47 | OK | |
| r-devel-linux-x86_64-debian-gcc | 1.0.1 | 5.42 | 80.55 | 85.97 | OK | |
| r-devel-linux-x86_64-fedora-clang | 1.0.1 | 17.00 | 177.83 | 194.83 | OK | |
| r-devel-linux-x86_64-fedora-gcc | 1.0.1 | 17.00 | 182.61 | 199.61 | OK | |
| r-devel-windows-x86_64 | 1.0.1 | 9.00 | 116.00 | 125.00 | OK | |
| r-patched-linux-x86_64 | 1.0.1 | 7.59 | 112.43 | 120.02 | OK | |
| r-release-linux-x86_64 | 1.0.1 | 6.81 | 111.60 | 118.41 | OK | |
| r-release-macos-arm64 | 1.0.1 | 3.00 | 49.00 | 52.00 | OK | |
| r-release-macos-x86_64 | 1.0.1 | 5.00 | 81.00 | 86.00 | OK | |
| r-release-windows-x86_64 | 1.0.1 | 11.00 | 120.00 | 131.00 | OK | |
| r-oldrel-macos-arm64 | 1.0.1 | 3.00 | 41.00 | 44.00 | NOTE | |
| r-oldrel-macos-x86_64 | 1.0.1 | 4.00 | 64.00 | 68.00 | NOTE | |
| r-oldrel-windows-x86_64 | 1.0.1 | 11.00 | 158.00 | 169.00 | NOTE |
Version: 1.0.1
Check: LazyData
Result: NOTE
'LazyData' is specified without a 'data' directory
Flavors: r-oldrel-macos-arm64, r-oldrel-macos-x86_64, r-oldrel-windows-x86_64