Last updated on 2025-02-19 09:50:42 CET.
Flavor | Version | Tinstall | Tcheck | Ttotal | Status | Flags |
---|---|---|---|---|---|---|
r-devel-linux-x86_64-debian-clang | 0.17-7 | 18.02 | 146.03 | 164.05 | NOTE | |
r-devel-linux-x86_64-debian-gcc | 0.17-7 | 10.70 | 101.24 | 111.94 | NOTE | |
r-devel-linux-x86_64-fedora-clang | 0.17-7 | 253.59 | NOTE | |||
r-devel-linux-x86_64-fedora-gcc | 0.17-7 | 264.38 | NOTE | |||
r-devel-macos-arm64 | 0.17-7 | 76.00 | OK | |||
r-devel-macos-x86_64 | 0.17-7 | 173.00 | OK | |||
r-devel-windows-x86_64 | 0.17-7 | 20.00 | 199.00 | 219.00 | NOTE | |
r-patched-linux-x86_64 | 0.17-7 | 19.91 | 139.12 | 159.03 | OK | |
r-release-linux-x86_64 | 0.17-7 | 14.53 | 136.59 | 151.12 | OK | |
r-release-macos-arm64 | 0.17-7 | 75.00 | OK | |||
r-release-macos-x86_64 | 0.17-7 | 162.00 | OK | |||
r-release-windows-x86_64 | 0.17-7 | 22.00 | 3.00 | 25.00 | FAIL | |
r-oldrel-macos-arm64 | 0.17-7 | 79.00 | OK | |||
r-oldrel-macos-x86_64 | 0.17-7 | 163.00 | OK | |||
r-oldrel-windows-x86_64 | 0.17-7 | 27.00 | 225.00 | 252.00 | OK |
Version: 0.17-7
Check: differences from ‘analogue-Ex.Rout’ to ‘analogue-Ex.Rout.save’
Result: NOTE
1a2
> This is vegan 2.6-8
Flavors: r-devel-linux-x86_64-debian-clang, r-devel-linux-x86_64-debian-gcc, r-devel-linux-x86_64-fedora-clang, r-devel-linux-x86_64-fedora-gcc, r-devel-windows-x86_64
Version: 0.17-7
Check: package dependencies
Result: FAIL
Flavor: r-release-windows-x86_64