Last updated on 2025-02-19 09:50:42 CET.
Flavor | Version | Tinstall | Tcheck | Ttotal | Status | Flags |
---|---|---|---|---|---|---|
r-devel-linux-x86_64-debian-clang | 1.0.7.2 | 4.58 | 38.36 | 42.94 | OK | |
r-devel-linux-x86_64-debian-gcc | 1.0.7.2 | 2.96 | 28.59 | 31.55 | OK | |
r-devel-linux-x86_64-fedora-clang | 1.0.7.2 | 66.75 | OK | |||
r-devel-linux-x86_64-fedora-gcc | 1.0.7.2 | 64.90 | OK | |||
r-devel-macos-arm64 | 1.0.7.2 | 25.00 | OK | |||
r-devel-macos-x86_64 | 1.0.7.2 | 51.00 | OK | |||
r-devel-windows-x86_64 | 1.0.7.2 | 7.00 | 73.00 | 80.00 | OK | |
r-patched-linux-x86_64 | 1.0.7.2 | 5.57 | 35.69 | 41.26 | OK | |
r-release-linux-x86_64 | 1.0.7.2 | 3.34 | 36.02 | 39.36 | OK | |
r-release-macos-arm64 | 1.0.7.2 | 25.00 | OK | |||
r-release-macos-x86_64 | 1.0.7.2 | 34.00 | NOTE | |||
r-release-windows-x86_64 | 1.0.7.2 | 6.00 | 71.00 | 77.00 | OK | |
r-oldrel-macos-arm64 | 1.0.7.2 | 26.00 | OK | |||
r-oldrel-macos-x86_64 | 1.0.7.2 | 44.00 | OK | |||
r-oldrel-windows-x86_64 | 1.0.7.2 | 7.00 | 105.00 | 112.00 | OK |
Version: 1.0.7.2
Check: package dependencies
Result: NOTE
Package suggested but not available for checking: ‘arrow’
Flavor: r-release-macos-x86_64