Last updated on 2025-02-19 09:50:42 CET.
Flavor | Version | Tinstall | Tcheck | Ttotal | Status | Flags |
---|---|---|---|---|---|---|
r-devel-linux-x86_64-debian-clang | 0.1.0 | 4.66 | 23.26 | 27.92 | OK | |
r-devel-linux-x86_64-debian-gcc | 0.1.0 | 3.85 | 18.71 | 22.56 | OK | |
r-devel-linux-x86_64-fedora-clang | 0.1.0 | 43.28 | OK | |||
r-devel-linux-x86_64-fedora-gcc | 0.1.0 | 45.17 | OK | |||
r-devel-macos-arm64 | 0.1.0 | 20.00 | OK | |||
r-devel-macos-x86_64 | 0.1.0 | 34.00 | OK | |||
r-devel-windows-x86_64 | 0.1.0 | 7.00 | 46.00 | 53.00 | OK | |
r-patched-linux-x86_64 | 0.1.0 | 5.05 | 21.90 | 26.95 | OK | |
r-release-linux-x86_64 | 0.1.0 | 4.82 | 22.02 | 26.84 | OK | |
r-release-macos-arm64 | 0.1.0 | 19.00 | OK | |||
r-release-macos-x86_64 | 0.1.0 | 29.00 | OK | |||
r-release-windows-x86_64 | 0.1.0 | 8.00 | 3.00 | 11.00 | FAIL | |
r-oldrel-macos-arm64 | 0.1.0 | 23.00 | OK | |||
r-oldrel-macos-x86_64 | 0.1.0 | 31.00 | OK | |||
r-oldrel-windows-x86_64 | 0.1.0 | 8.00 | 49.00 | 57.00 | OK |
Version: 0.1.0
Check: package dependencies
Result: FAIL
Flavor: r-release-windows-x86_64