Last updated on 2025-02-16 09:50:33 CET.
Flavor | Version | Tinstall | Tcheck | Ttotal | Status | Flags |
---|---|---|---|---|---|---|
r-devel-linux-x86_64-debian-clang | 1.1 | 22.48 | 27.62 | 50.10 | NOTE | |
r-devel-linux-x86_64-debian-gcc | 1.1 | 13.28 | 20.83 | 34.11 | NOTE | |
r-devel-linux-x86_64-fedora-clang | 1.1 | 86.44 | NOTE | |||
r-devel-linux-x86_64-fedora-gcc | 1.1 | 83.32 | NOTE | |||
r-devel-macos-arm64 | 1.1 | 24.00 | NOTE | |||
r-devel-macos-x86_64 | 1.1 | 55.00 | NOTE | |||
r-devel-windows-x86_64 | 1.1 | 21.00 | 69.00 | 90.00 | NOTE | |
r-patched-linux-x86_64 | 1.1 | 19.12 | 25.96 | 45.08 | NOTE | |
r-release-linux-x86_64 | 1.1 | 20.43 | 26.24 | 46.67 | NOTE | |
r-release-macos-arm64 | 1.1 | 28.00 | NOTE | |||
r-release-macos-x86_64 | 1.1 | 35.00 | NOTE | |||
r-release-windows-x86_64 | 1.1 | 23.00 | 74.00 | 97.00 | NOTE | |
r-oldrel-macos-arm64 | 1.1 | 27.00 | NOTE | |||
r-oldrel-macos-x86_64 | 1.1 | 44.00 | NOTE | |||
r-oldrel-windows-x86_64 | 1.1 | 28.00 | 83.00 | 111.00 | NOTE |
Version: 1.1
Check: C++ specification
Result: NOTE
Specified C++11: please drop specification unless essential
Flavors: r-devel-linux-x86_64-debian-clang, r-devel-linux-x86_64-debian-gcc, r-devel-linux-x86_64-fedora-clang, r-devel-linux-x86_64-fedora-gcc, r-devel-macos-arm64, r-devel-macos-x86_64, r-devel-windows-x86_64, r-patched-linux-x86_64, r-release-linux-x86_64, r-release-macos-arm64, r-release-macos-x86_64, r-release-windows-x86_64, r-oldrel-macos-arm64, r-oldrel-macos-x86_64, r-oldrel-windows-x86_64