Last updated on 2025-02-16 09:50:33 CET.
Flavor | Version | Tinstall | Tcheck | Ttotal | Status | Flags |
---|---|---|---|---|---|---|
r-devel-linux-x86_64-debian-clang | 1.2.1 | 2.74 | 31.85 | 34.59 | OK | |
r-devel-linux-x86_64-debian-gcc | 1.2.1 | 1.95 | 24.59 | 26.54 | OK | |
r-devel-linux-x86_64-fedora-clang | 1.2.1 | 57.91 | OK | |||
r-devel-linux-x86_64-fedora-gcc | 1.2.1 | 66.76 | OK | |||
r-devel-macos-arm64 | 1.2.1 | 27.00 | OK | |||
r-devel-macos-x86_64 | 1.2.1 | 55.00 | OK | |||
r-devel-windows-x86_64 | 1.2.1 | 4.00 | 66.00 | 70.00 | OK | |
r-patched-linux-x86_64 | 1.2.1 | 2.78 | 30.16 | 32.94 | NOTE | |
r-release-linux-x86_64 | 1.2.1 | 2.63 | 30.16 | 32.79 | NOTE | |
r-release-macos-arm64 | 1.2.1 | 27.00 | NOTE | |||
r-release-macos-x86_64 | 1.2.1 | 37.00 | NOTE | |||
r-release-windows-x86_64 | 1.2.1 | 5.00 | 69.00 | 74.00 | NOTE | |
r-oldrel-macos-arm64 | 1.2.1 | 27.00 | NOTE | |||
r-oldrel-macos-x86_64 | 1.2.1 | 49.00 | NOTE | |||
r-oldrel-windows-x86_64 | 1.2.1 | 6.00 | 89.00 | 95.00 | NOTE |
Version: 1.2.1
Check: LazyData
Result: NOTE
'LazyData' is specified without a 'data' directory
Flavors: r-patched-linux-x86_64, r-release-linux-x86_64, r-release-macos-arm64, r-release-macos-x86_64, r-release-windows-x86_64, r-oldrel-macos-arm64, r-oldrel-macos-x86_64, r-oldrel-windows-x86_64