Last updated on 2025-02-16 09:50:33 CET.
Flavor | Version | Tinstall | Tcheck | Ttotal | Status | Flags |
---|---|---|---|---|---|---|
r-devel-linux-x86_64-debian-clang | 1.3.0 | 55.21 | 560.69 | 615.90 | NOTE | |
r-devel-linux-x86_64-debian-gcc | 1.3.0 | 42.59 | 395.14 | 437.73 | NOTE | |
r-devel-linux-x86_64-fedora-clang | 1.3.0 | 1056.44 | NOTE | |||
r-devel-linux-x86_64-fedora-gcc | 1.3.0 | 993.95 | NOTE | |||
r-devel-macos-arm64 | 1.3.0 | 264.00 | NOTE | |||
r-devel-macos-x86_64 | 1.3.0 | 506.00 | NOTE | |||
r-devel-windows-x86_64 | 1.3.0 | 54.00 | 623.00 | 677.00 | NOTE | |
r-patched-linux-x86_64 | 1.3.0 | 63.07 | 512.57 | 575.64 | NOTE | |
r-release-linux-x86_64 | 1.3.0 | 51.87 | 522.34 | 574.21 | NOTE | |
r-release-macos-arm64 | 1.3.0 | 250.00 | NOTE | |||
r-release-macos-x86_64 | 1.3.0 | 390.00 | NOTE | |||
r-release-windows-x86_64 | 1.3.0 | 58.00 | 626.00 | 684.00 | NOTE | |
r-oldrel-macos-arm64 | 1.3.0 | 235.00 | OK | |||
r-oldrel-macos-x86_64 | 1.3.0 | 560.00 | OK | |||
r-oldrel-windows-x86_64 | 1.3.0 | 75.00 | 721.00 | 796.00 | OK |
Version: 1.3.0
Check: Rd files
Result: NOTE
checkRd: (-1) buildPhylipLineage.Rd:61: Lost braces; missing escapes or markup?
61 | names with the format {"Inferred1", "Inferred2", ...}.
| ^
Flavors: r-devel-linux-x86_64-debian-clang, r-devel-linux-x86_64-debian-gcc, r-devel-linux-x86_64-fedora-clang, r-devel-linux-x86_64-fedora-gcc, r-devel-macos-arm64, r-devel-macos-x86_64, r-devel-windows-x86_64, r-patched-linux-x86_64, r-release-linux-x86_64, r-release-macos-arm64, r-release-macos-x86_64, r-release-windows-x86_64
Version: 1.3.0
Check: Rd cross-references
Result: NOTE
Found the following Rd file(s) with Rd \link{} targets missing package
anchors:
gridPlot.Rd: ggplot
plotAbundanceCurve.Rd: ggplot
plotDiversityCurve.Rd: ggplot
plotDiversityTest.Rd: ggplot
Please provide package anchors for all Rd \link{} targets not in the
package itself and the base packages.
Flavors: r-devel-linux-x86_64-debian-clang, r-devel-linux-x86_64-debian-gcc, r-devel-windows-x86_64