CRAN Package Check Results for Package agtboost

Last updated on 2025-02-16 09:50:33 CET.

Flavor Version Tinstall Tcheck Ttotal Status Flags
r-devel-linux-x86_64-debian-clang 0.9.3 27.01 37.63 64.64 NOTE
r-devel-linux-x86_64-debian-gcc 0.9.3 21.19 28.44 49.63 NOTE
r-devel-linux-x86_64-fedora-clang 0.9.3 110.65 NOTE
r-devel-linux-x86_64-fedora-gcc 0.9.3 117.38 NOTE
r-devel-macos-arm64 0.9.3 32.00 NOTE
r-devel-macos-x86_64 0.9.3 64.00 NOTE
r-devel-windows-x86_64 0.9.3 29.00 80.00 109.00 NOTE
r-patched-linux-x86_64 0.9.3 32.74 35.15 67.89 NOTE
r-release-linux-x86_64 0.9.3 29.21 35.17 64.38 NOTE
r-release-macos-arm64 0.9.3 37.00 NOTE
r-release-macos-x86_64 0.9.3 46.00 NOTE
r-release-windows-x86_64 0.9.3 29.00 83.00 112.00 NOTE
r-oldrel-macos-arm64 0.9.3 39.00 NOTE
r-oldrel-macos-x86_64 0.9.3 59.00 NOTE
r-oldrel-windows-x86_64 0.9.3 36.00 101.00 137.00 NOTE

Check Details

Version: 0.9.3
Check: C++ specification
Result: NOTE Specified C++11: please drop specification unless essential Flavors: r-devel-linux-x86_64-debian-clang, r-devel-linux-x86_64-debian-gcc, r-devel-linux-x86_64-fedora-clang, r-devel-linux-x86_64-fedora-gcc, r-devel-macos-arm64, r-devel-macos-x86_64, r-devel-windows-x86_64, r-patched-linux-x86_64, r-release-linux-x86_64, r-release-macos-arm64, r-release-macos-x86_64, r-release-windows-x86_64, r-oldrel-macos-arm64, r-oldrel-macos-x86_64, r-oldrel-windows-x86_64

Version: 0.9.3
Check: for unstated dependencies in ‘demo’
Result: NOTE '::' or ':::' import not declared from: ‘xgboost’ 'library' or 'require' calls not declared from: ‘ISLR’ ‘dplyr’ ‘ggplot2’ ‘glmnet’ ‘gridExtra’ ‘lightgbm’ ‘randomForest’ ‘xgboost’ Flavors: r-devel-linux-x86_64-debian-clang, r-devel-linux-x86_64-debian-gcc

Version: 0.9.3
Check: installed package size
Result: NOTE installed size is 8.9Mb sub-directories of 1Mb or more: libs 8.4Mb Flavors: r-release-macos-arm64, r-release-macos-x86_64, r-oldrel-macos-arm64, r-oldrel-macos-x86_64