Last updated on 2025-02-19 09:50:41 CET.
Flavor | Version | Tinstall | Tcheck | Ttotal | Status | Flags |
---|---|---|---|---|---|---|
r-devel-linux-x86_64-debian-clang | 1.1.1 | 3.61 | 40.82 | 44.43 | OK | |
r-devel-linux-x86_64-debian-gcc | 1.1.1 | 0.31 | 1.63 | 1.94 | ERROR | |
r-devel-linux-x86_64-fedora-clang | 1.1.1 | 73.97 | OK | |||
r-devel-linux-x86_64-fedora-gcc | 1.1.1 | 90.40 | OK | |||
r-devel-macos-arm64 | 1.1.1 | 40.00 | OK | |||
r-devel-macos-x86_64 | 1.1.1 | 81.00 | OK | |||
r-devel-windows-x86_64 | 1.1.1 | 6.00 | 70.00 | 76.00 | OK | |
r-patched-linux-x86_64 | 1.1.1 | 4.36 | 39.08 | 43.44 | OK | |
r-release-linux-x86_64 | 1.1.1 | 4.02 | 39.48 | 43.50 | OK | |
r-release-macos-arm64 | 1.1.1 | 37.00 | OK | |||
r-release-macos-x86_64 | 1.1.1 | 63.00 | OK | |||
r-release-windows-x86_64 | 1.1.1 | 5.00 | 74.00 | 79.00 | OK | |
r-oldrel-macos-arm64 | 1.1.1 | 36.00 | OK | |||
r-oldrel-macos-x86_64 | 1.1.1 | 70.00 | OK | |||
r-oldrel-windows-x86_64 | 1.1.1 | 7.00 | 93.00 | 100.00 | OK |
Version: 1.1.1
Check: package dependencies
Result: ERROR
Package required but not available: ‘Rgraphviz’
See section ‘The DESCRIPTION file’ in the ‘Writing R Extensions’
manual.
Flavor: r-devel-linux-x86_64-debian-gcc