CRAN Package Check Results for Package adjSURVCI

Last updated on 2025-04-16 09:52:53 CEST.

Flavor Version Tinstall Tcheck Ttotal Status Flags
r-devel-linux-x86_64-debian-clang 1.0 65.45 64.83 130.28 OK
r-devel-linux-x86_64-debian-gcc 1.0 34.65 46.38 81.03 OK
r-devel-linux-x86_64-fedora-clang 1.0 190.44 OK
r-devel-linux-x86_64-fedora-gcc 1.0 192.99 OK
r-devel-windows-x86_64 1.0 51.00 92.00 143.00 OK
r-patched-linux-x86_64 1.0 48.48 62.63 111.11 OK
r-release-linux-x86_64 1.0 48.86 63.04 111.90 OK
r-release-macos-arm64 1.0 64.00 OK
r-release-macos-x86_64 1.0 145.00 OK
r-release-windows-x86_64 1.0 51.00 88.00 139.00 OK
r-oldrel-macos-arm64 1.0 54.00 NOTE
r-oldrel-macos-x86_64 1.0 73.00 NOTE
r-oldrel-windows-x86_64 1.0 64.00 115.00 179.00 OK

Check Details

Version: 1.0
Check: installed package size
Result: NOTE installed size is 6.3Mb sub-directories of 1Mb or more: libs 6.1Mb Flavors: r-oldrel-macos-arm64, r-oldrel-macos-x86_64