Last updated on 2025-04-16 09:52:53 CEST.
Flavor | Version | Tinstall | Tcheck | Ttotal | Status | Flags |
---|---|---|---|---|---|---|
r-devel-linux-x86_64-debian-clang | 1.1 | 66.18 | 28.00 | 94.18 | OK | |
r-devel-linux-x86_64-debian-gcc | 1.1 | 58.57 | 21.39 | 79.96 | OK | |
r-devel-linux-x86_64-fedora-clang | 1.1 | 168.84 | OK | |||
r-devel-linux-x86_64-fedora-gcc | 1.1 | 164.51 | OK | |||
r-devel-windows-x86_64 | 1.1 | 65.00 | 49.00 | 114.00 | OK | |
r-patched-linux-x86_64 | 1.1 | 67.86 | 28.38 | 96.24 | OK | |
r-release-linux-x86_64 | 1.1 | 70.24 | 28.04 | 98.28 | OK | |
r-release-macos-arm64 | 1.1 | 78.00 | OK | |||
r-release-macos-x86_64 | 1.1 | 115.00 | OK | |||
r-release-windows-x86_64 | 1.1 | 69.00 | 48.00 | 117.00 | OK | |
r-oldrel-macos-arm64 | 1.1 | 84.00 | NOTE | |||
r-oldrel-macos-x86_64 | 1.1 | 91.00 | NOTE | |||
r-oldrel-windows-x86_64 | 1.1 | 73.00 | 54.00 | 127.00 | NOTE |
Version: 1.1
Check: installed package size
Result: NOTE
installed size is 10.4Mb
sub-directories of 1Mb or more:
data 10.2Mb
Flavors: r-oldrel-macos-arm64, r-oldrel-macos-x86_64, r-oldrel-windows-x86_64